{"id":1337,"date":"2020-10-26T10:17:58","date_gmt":"2020-10-26T13:17:58","guid":{"rendered":"https:\/\/guiadepetropolis.com.br\/petropolis\/?page_id=1337"},"modified":"2020-10-26T14:00:40","modified_gmt":"2020-10-26T17:00:40","slug":"politica-de-privacidade","status":"publish","type":"page","link":"https:\/\/guiadepetropolis.com.br\/petropolis\/politica-de-privacidade\/","title":{"rendered":"Pol\u00edtica de Privacidade"},"content":{"rendered":"<div id=\"guiad-3978839125\" class=\"guiad-antes-do-conteudo_3 guiad-entity-placement\"><script async src=\"\/\/pagead2.googlesyndication.com\/pagead\/js\/adsbygoogle.js?client=ca-pub-1045376883326522\" crossorigin=\"anonymous\"><\/script><ins class=\"adsbygoogle\" style=\"display:block;\" data-ad-client=\"ca-pub-1045376883326522\" \ndata-ad-slot=\"\" \ndata-ad-format=\"autorelaxed\"><\/ins>\n<script> \n(adsbygoogle = window.adsbygoogle || []).push({}); \n<\/script>\n<\/div><br style=\"clear: both; display: block; float: none;\"\/><div id=\"guiad-2960972618\" class=\"guiad-antes-do-conteudo_2 guiad-entity-placement\"><script async src=\"\/\/pagead2.googlesyndication.com\/pagead\/js\/adsbygoogle.js?client=ca-pub-1045376883326522\" crossorigin=\"anonymous\"><\/script><ins class=\"adsbygoogle\" style=\"display:block;\" data-ad-client=\"ca-pub-1045376883326522\" \ndata-ad-slot=\"\" \ndata-ad-format=\"autorelaxed\"><\/ins>\n<script> \n(adsbygoogle = window.adsbygoogle || []).push({}); \n<\/script>\n<\/div><br style=\"clear: both; display: block; float: none;\"\/><div class=\"guiad-antes-do-conteudo guiad-entity-placement\" id=\"guiad-1062830814\"><div id=\"guiad-2707202327\"><script async src=\"\/\/pagead2.googlesyndication.com\/pagead\/js\/adsbygoogle.js?client=ca-pub-1045376883326522\" crossorigin=\"anonymous\"><\/script><ins class=\"adsbygoogle\" style=\"display:inline-block;width:0px;height:0px;\" \ndata-ad-client=\"ca-pub-1045376883326522\" \ndata-ad-slot=\"4356771855\"><\/ins> \n<script> \n(adsbygoogle = window.adsbygoogle || []).push({}); \n<\/script>\n<\/div><\/div><p>Pol\u00edtica de Privacidade<\/p>\n<p>&nbsp;<\/p>\n<p>O GuiadePetropolis.com.br n\u00e3o coleta, armazena ou utiliza nenhum dado pessoal de qualquer usu\u00e1rio que em nosso site navega.<br \/>\nEntretanto, em conformidade com a <strong>Lei de Uso de Dados<\/strong> e considerando que o site \u00e9 alocado em provedor externo (<a href=\"https:\/\/king.host\/contratos-e-politicas\">kinghost<\/a>) e utiliza ferramentas e recursos de softwares de terceiros (plugins) bem como exibe an\u00fancios de plataforma Google e parceiros (como o Google Ads) , nos preocupamos em informar e resguardar a privacidade de usu\u00e1rio\u00a0 que nele navegam.<\/p>\n<p>Mantemos no site, em \u00e1rea de f\u00e1cil visualiza\u00e7\u00e3o, bot\u00e3o para aceite de Cookies, onde o usu\u00e1rio do site pode manifestar expressamente sua ci\u00eancia e conformidade com a utiliza\u00e7\u00e3o de Cookies e ou, ainda sem desejar optar naquele momento, se manter navegando, ciente, em nosso site.<\/p>\n<p><a href=\"https:\/\/king.host\/contratos-e-politicas\" target=\"_blank\" rel=\"noopener noreferrer\">Clique aqui e conhe\u00e7a a pol\u00edtica de nosso provedor de Hospedagem<\/a><\/p>\n<h2><strong>Saiba mais sobre a pol\u00edtica de Cookies:<\/strong><\/h2>\n<p><strong>O que s\u00e3o cookies?<\/strong><\/p>\n<p>Cookies s\u00e3o pequenos arquivos de texto usados para armazenar pequenas informa\u00e7\u00f5es relacionada com as suas prefer\u00eancias de navega\u00e7\u00e3o no site, n\u00e3o incluindo, n\u00e3o incluindo, como tal, os seus dados pessoais.<br \/>\nCookies s\u00e3o armazenados em seu dispositivo quando o site \u00e9 carregado em seu navegador, sendo capaz de otimizar o tempo de carregamento do site e ou os recursos funcionarem\u00a0 corretamente, tornando a experi\u00eancia de navega\u00e7\u00e3o mais eficiente e r\u00e1pido fornecendo uma melhor experi\u00eancia do usu\u00e1rio navegar por paginas de seu interesse.<\/p>\n<p><strong>Como usamos cookies?<\/p>\n<p><\/strong>Como a maioria dos servi\u00e7os online, nosso site usa cookies prim\u00e1rios e de terceiros para diversos fins.<br \/>\nOs cookies prim\u00e1rios s\u00e3o principalmente necess\u00e1rios para o funcionamento correto do site e n\u00e3o coletam nenhum de seus dados de identifica\u00e7\u00e3o pessoal.<\/p>\n<p>J\u00e1 os cookies de terceiros usados em nosso site s\u00e3o principalmente para otimizar o funcionamento do mesmo, al\u00e9m de visar armazenar suas preferencias\u00a0 ao acessar o site pela primeira vez (como p\u00e1ginas ou an\u00fancios que possam ser mais relevantes para voc\u00ea) mantendo deste modo um servi\u00e7o seguro e funcional, proporcionando ao usu\u00e1rio uma melhor experi\u00eancia e agilidade em possiveis intera\u00e7\u00f5es futuras com nosso site.<\/p>\n<p><strong>Conhe\u00e7a alguns Cookies mais utilizados em websites:<\/p>\n<p><\/strong><strong>Essencial<\/strong>: cookies essenciais para seguran\u00e7a e fluidez de navega\u00e7\u00e3o em nosso site em todas as suas funcionalidades.<br \/>\nOs cookies essenciais permitem manter as sess\u00f5es do usu\u00e1rio ao mesmo tempo que previnem amea\u00e7as \u00e0 seguran\u00e7a.<br \/>\n<strong>Eles n\u00e3o coletam ou armazenam nenhuma informa\u00e7\u00e3o pessoal.\u00a0<\/strong><\/p>\n<p><strong>Estat\u00edsticas<\/strong>: Esses cookies armazenam informa\u00e7\u00f5es como o n\u00famero de visitantes do site, o n\u00famero de visitantes \u00fanicos, quais p\u00e1ginas do site foram visitadas, a origem da visita, etc. Esses dados nos ajudam a compreender e analisar o desempenho do site e onde precisa de melhorias.<\/p>\n<p><strong>Marketing<\/strong>: Nosso site exibe an\u00fancios. Esses cookies s\u00e3o usados ??para personalizar os an\u00fancios que mostramos a voc\u00ea para que sejam significativos para voc\u00ea. Esses cookies tamb\u00e9m nos ajudam a acompanhar a efici\u00eancia dessas campanhas publicit\u00e1rias.<br \/>\nAs informa\u00e7\u00f5es armazenadas nesses cookies tamb\u00e9m podem ser usadas por provedores de an\u00fancios de terceiros no site exibidos ou que exibam nossos an\u00fancios em outros sites do navegador tamb\u00e9m.<\/p>\n<p><strong>Funcional<\/strong>: Estes s\u00e3o os cookies que auxiliam certas funcionalidades n\u00e3o essenciais em nosso site. Essas funcionalidades incluem a incorpora\u00e7\u00e3o de conte\u00fado como v\u00eddeos ou o compartilhamento de conte\u00fado do site em plataformas de m\u00eddia social.<\/p>\n<p><strong>Prefer\u00eancias<\/strong>: Esses cookies nos ajudam a armazenar suas configura\u00e7\u00f5es e prefer\u00eancias de navega\u00e7\u00e3o, como prefer\u00eancias de idioma, para que voc\u00ea tenha uma experi\u00eancia melhor e eficiente em futuras visitas ao site.<\/p>\n<p><strong>Como posso controlar as prefer\u00eancias de cookies?<\/strong><\/p>\n<p>Caso decida alterar suas prefer\u00eancias posteriormente durante a sess\u00e3o de navega\u00e7\u00e3o, voc\u00ea pode clicar na guia (Banner) &#8220;Pol\u00edtica de Cookies&#8221; na tela pr\u00f3ximo a \u00e1rea de rodap\u00e9 do site.<br \/>\nIsso exibir\u00e1 o aviso de consentimento novamente, permitindo que voc\u00ea altere suas prefer\u00eancias ou retire totalmente o seu consentimento.<\/p>\n<p>Al\u00e9m disso, diferentes navegadores fornecem m\u00e9todos diferentes para bloquear e excluir cookies usados ??por sites. Voc\u00ea pode alterar as configura\u00e7\u00f5es do seu navegador para bloquear \/ excluir os cookies. Para saber mais sobre como gerenciar e excluir cookies, visite wikipedia.org.<\/p>\n<div id=\"guiad-440236061\" class=\"guiad-depois-do-conteudo guiad-entity-placement\"><a href=\"http:\/\/edirefilho.com.br\/transportes\/\" target=\"_blank\" aria-label=\"Edir e Filho Mudan\u00e7as e Fretes - Em Petr\u00f3polis e para todo Brasil\"><img loading=\"lazy\" decoding=\"async\" src=\"https:\/\/guiadepetropolis.com.br\/petropolis\/wp-content\/uploads\/2019\/04\/2020-1.jpg\" alt=\"Edir e Filho Mudan\u00e7as e Fretes - Em Petr\u00f3polis e para todo Brasil\"  srcset=\"https:\/\/guiadepetropolis.com.br\/petropolis\/wp-content\/uploads\/2019\/04\/2020-1.jpg 900w, https:\/\/guiadepetropolis.com.br\/petropolis\/wp-content\/uploads\/2019\/04\/2020-1-300x100.jpg 300w, https:\/\/guiadepetropolis.com.br\/petropolis\/wp-content\/uploads\/2019\/04\/2020-1-768x256.jpg 768w\" sizes=\"(max-width: 900px) 100vw, 900px\" width=\"900\" height=\"300\"   \/><\/a><\/div>","protected":false},"excerpt":{"rendered":"<p>Pol\u00edtica de Privacidade &nbsp; O GuiadePetropolis.com.br n\u00e3o coleta, armazena ou utiliza nenhum dado pessoal de qualquer usu\u00e1rio que em nosso site navega. Entretanto, em conformidade com a Lei de Uso de Dados e considerando que o site \u00e9 alocado em provedor externo (kinghost) e utiliza ferramentas e recursos de softwares de terceiros (plugins) bem como&#8230;<\/p>\n","protected":false},"author":1,"featured_media":0,"parent":0,"menu_order":0,"comment_status":"closed","ping_status":"closed","template":"","meta":{"footnotes":"","_links_to":"","_links_to_target":""},"class_list":["post-1337","page","type-page","status-publish","hentry"],"_links":{"self":[{"href":"https:\/\/guiadepetropolis.com.br\/petropolis\/wp-json\/wp\/v2\/pages\/1337","targetHints":{"allow":["GET"]}}],"collection":[{"href":"https:\/\/guiadepetropolis.com.br\/petropolis\/wp-json\/wp\/v2\/pages"}],"about":[{"href":"https:\/\/guiadepetropolis.com.br\/petropolis\/wp-json\/wp\/v2\/types\/page"}],"author":[{"embeddable":true,"href":"https:\/\/guiadepetropolis.com.br\/petropolis\/wp-json\/wp\/v2\/users\/1"}],"replies":[{"embeddable":true,"href":"https:\/\/guiadepetropolis.com.br\/petropolis\/wp-json\/wp\/v2\/comments?post=1337"}],"version-history":[{"count":4,"href":"https:\/\/guiadepetropolis.com.br\/petropolis\/wp-json\/wp\/v2\/pages\/1337\/revisions"}],"predecessor-version":[{"id":1349,"href":"https:\/\/guiadepetropolis.com.br\/petropolis\/wp-json\/wp\/v2\/pages\/1337\/revisions\/1349"}],"wp:attachment":[{"href":"https:\/\/guiadepetropolis.com.br\/petropolis\/wp-json\/wp\/v2\/media?parent=1337"}],"curies":[{"name":"wp","href":"https:\/\/api.w.org\/{rel}","templated":true}]}}