{"id":1580,"date":"2022-09-13T12:10:10","date_gmt":"2022-09-13T15:10:10","guid":{"rendered":"https:\/\/guiadepetropolis.com.br\/petropolis\/?page_id=1580"},"modified":"2024-08-22T11:37:30","modified_gmt":"2024-08-22T14:37:30","slug":"carros-e-motos","status":"publish","type":"page","link":"https:\/\/guiadepetropolis.com.br\/petropolis\/carros-e-motos\/","title":{"rendered":"Carros e Motos"},"content":{"rendered":"<div id=\"guiad-820142527\" class=\"guiad-antes-do-conteudo_3 guiad-entity-placement\"><script async src=\"\/\/pagead2.googlesyndication.com\/pagead\/js\/adsbygoogle.js?client=ca-pub-1045376883326522\" crossorigin=\"anonymous\"><\/script><ins class=\"adsbygoogle\" style=\"display:block;\" data-ad-client=\"ca-pub-1045376883326522\" \ndata-ad-slot=\"\" \ndata-ad-format=\"autorelaxed\"><\/ins>\n<script> \n(adsbygoogle = window.adsbygoogle || []).push({}); \n<\/script>\n<\/div><br style=\"clear: both; display: block; float: none;\"\/><div id=\"guiad-1800397348\" class=\"guiad-antes-do-conteudo_2 guiad-entity-placement\"><script async src=\"\/\/pagead2.googlesyndication.com\/pagead\/js\/adsbygoogle.js?client=ca-pub-1045376883326522\" crossorigin=\"anonymous\"><\/script><ins class=\"adsbygoogle\" style=\"display:block;\" data-ad-client=\"ca-pub-1045376883326522\" \ndata-ad-slot=\"\" \ndata-ad-format=\"autorelaxed\"><\/ins>\n<script> \n(adsbygoogle = window.adsbygoogle || []).push({}); \n<\/script>\n<\/div><br style=\"clear: both; display: block; float: none;\"\/><div class=\"guiad-antes-do-conteudo guiad-entity-placement\" id=\"guiad-1444307991\"><div id=\"guiad-1264839934\"><script async src=\"\/\/pagead2.googlesyndication.com\/pagead\/js\/adsbygoogle.js?client=ca-pub-1045376883326522\" crossorigin=\"anonymous\"><\/script><ins class=\"adsbygoogle\" style=\"display:inline-block;width:0px;height:0px;\" \ndata-ad-client=\"ca-pub-1045376883326522\" \ndata-ad-slot=\"162654302\"><\/ins> \n<script> \n(adsbygoogle = window.adsbygoogle || []).push({}); \n<\/script>\n<\/div><\/div><p><a href=\"http:\/\/melhordespachante.com.br\/\" target=\"_blank\" rel=\"noopener noreferrer\"><b>MELHOR DESPACHANTE<\/b><\/a><br \/>\n<a href=\"https:\/\/api.whatsapp.com\/send?phone=5521981059767\" target=\"_blank\" rel=\"noopener\"><b>Online &#8211; Whatsapp<\/b><\/a><br \/>\n<strong>Atua\u00e7\u00e3o<\/strong>: reunimos os melhores despachantes veiculares e de recurso de multa e recurso Lei Seca do Rio. Atendimento 100% online na maioria dos servi\u00e7os, atendendo motoristas de todo RJ.<br \/>\n<strong>Endere\u00e7o<\/strong>: atendimento online a todo estado do RJ<br \/>\n<strong>Web<\/strong>: \u00a0<a href=\"https:\/\/melhordespachante.com.br\/\" target=\"_blank\" rel=\"noopener\">www.melhordespachante.com.br\/<\/a><\/p>\n<hr \/>\n<p><a href=\"https:\/\/portaldosrecursos.com.br\/\" target=\"_blank\" rel=\"noopener noreferrer\"><b>PORTAL DOS RECURSOS<\/b><\/a><br \/>\n<strong>Tel<\/strong>.: (21) 3852-8973 | <a href=\"https:\/\/api.whatsapp.com\/send?phone=5521964416731\">(21) 96441-6731<\/a><br \/>\n<strong>Atua\u00e7\u00e3o<\/strong>: advogados especializados em direito do tr\u00e2nsito. Se voc\u00ea tem uma multa grave ou grav\u00edssima ou precisa recorrer em processo de suspens\u00e3o do direito de dirigir, fale com a Portal.<br \/>\n<strong>Endere\u00e7o<\/strong>: Centro, Barra e N. Igua\u00e7u.\u00a0 Tamb\u00e9m atendemos online.<br \/>\n<strong>Web<\/strong>: \u00a0<a href=\"https:\/\/portaldosrecursos.com.br\/\" target=\"_blank\" rel=\"noopener\">www.portaldosrecursos.com.br\/<\/a><\/p>\n<hr \/>\n<p><a href=\"http:\/\/www.inovarrecursodemulta.com.br\"><strong>INOVAR RECURSO DE MULTA<\/strong><\/a><br \/>\n<strong>Tel<\/strong>.: (21) 97232-0304<br \/>\n<strong>Atua\u00e7\u00e3o<\/strong>: especializada em recurso de multas, recursos multa lei seca e em processos de cassa\u00e7\u00e3o e suspens\u00e3o de CNH. Atendemos Grande Rio e regi\u00e3o serrana.<br \/>\n<strong>Endere\u00e7o<\/strong>: Av. Rio Branco, 147 Sl 1809, Centro, Rio de Janeiro &#8211; RJ<br \/>\n<strong>Internet<\/strong>: <a href=\"http:\/\/www.inovarrecursodemulta.com.br\">www.inovarrecursodemulta.com.br<\/a><\/p>\n<hr \/>\n<p><a href=\"https:\/\/barretoarrudadespachantes.com.br\/recurso\/\" target=\"_blank\" rel=\"noopener\"><strong>BARRETO E ARRUDA DESPANHANTES<\/strong><\/a><br \/>\n<strong>Tel<\/strong>.: (21) 97653-5997 | (21) 3776-8800<br \/>\n<strong>Atua\u00e7\u00e3o<\/strong>: recurso de multas, recursos processo suspens\u00e3o CNH, recurso Lei Seca RJ e servi\u00e7o de despachante. Atendemos online todo Rio de Janeiro.<br \/>\n<strong>Endere\u00e7o<\/strong>: Av Itapemirim, 59, Nova Igua\u00e7u, RJ<br \/>\n<strong>Internet<\/strong>: <a href=\"https:\/\/barretoarrudadespachantes.com.br\/recurso\/\" target=\"_blank\" rel=\"noopener\">www.barretoarrudadespachantes.com.br<\/a><\/p>\n<hr \/>\n<p><a href=\"https:\/\/recursoleiseca.com.br\" target=\"_blank\" rel=\"noopener\"><strong>RECURSO LEI SECA E BAF\u00d4METRO<\/strong><\/a><br \/>\n<strong>Tel<\/strong>.: (21) 97653-5997 | (21) 3776-8800<br \/>\n<strong>Atua\u00e7\u00e3o<\/strong>: especializados em recurso de multa Lei Seca e recurso Processo por recusa de teste baf\u00f4metro, atendimento e recurso 100% online.<br \/>\n<strong>Endere\u00e7o<\/strong>: Regi\u00e3o serrana e Estado do RJ<br \/>\n<strong>Internet<\/strong>: <a href=\"https:\/\/recursoleiseca.com.br\" target=\"_blank\" rel=\"noopener\">recursoleiseca.com.br<\/a><a href=\"https:\/\/recursoleiseca.com.br\/\" target=\"_blank\" rel=\"noopener\"><img loading=\"lazy\" decoding=\"async\" class=\"aligncenter wp-image-1488 size-full\" src=\"https:\/\/guiadepetropolis.com.br\/petropolis\/wp-content\/uploads\/2019\/04\/0023.jpg\" alt=\"\" width=\"900\" height=\"300\" srcset=\"https:\/\/guiadepetropolis.com.br\/petropolis\/wp-content\/uploads\/2019\/04\/0023.jpg 900w, https:\/\/guiadepetropolis.com.br\/petropolis\/wp-content\/uploads\/2019\/04\/0023-300x100.jpg 300w, https:\/\/guiadepetropolis.com.br\/petropolis\/wp-content\/uploads\/2019\/04\/0023-768x256.jpg 768w\" sizes=\"auto, (max-width: 900px) 100vw, 900px\" \/><\/a><\/p>\n<hr \/>\n<p><a href=\"https:\/\/despachantedetran.com.br\/\" target=\"_blank\" rel=\"noopener\"><strong>KUNHA DESPACHANTE DETRAN<\/strong><\/a><br \/>\n<strong>Tel<\/strong>.: (21)96491-3086 \/ (21)3900-7214<br \/>\n<strong>Atua\u00e7\u00e3o<\/strong>: despachante documentalista, Licenciamento Anual, Transfer\u00eancia de Ve\u00edculos, Baixas, Troca jurisdi\u00e7\u00e3o, Localiza\u00e7\u00e3o Real Propriet\u00e1rio, Levantamento D\u00e9bitos, Comunica\u00e7\u00e3o de venda.<br \/>\n<strong>Endere\u00e7o<\/strong>: Atendimento online todo RJ<br \/>\n<strong>Internet<\/strong>: <a href=\"https:\/\/despachantedetran.com.br\/\" target=\"_blank\" rel=\"noopener\">www.despachantedetran.com.br\/<\/a><\/p>\n<hr \/>\n<p><strong><a href=\"http:\/\/edirefilho.com.br\/transportes\/\">EDIR E FILHO FRETES E MUDAN\u00c7AS<\/a><\/strong><br \/>\n<strong>Tel<\/strong>.: (24) 98813-7969<br \/>\n<strong>Atua\u00e7\u00e3o<\/strong> : especializado em mudan\u00e7as e fretes, atuamos em Petr\u00f3polis e fazemos fretes e mudan\u00e7as em frota pr\u00f3pria para todo o Brasil.<br \/>\n<strong>Endere\u00e7o<\/strong>: Petr\u00f3polis &#8211; RJ<br \/>\n<strong>Internet<\/strong> :\u00a0 <a href=\"http:\/\/edirefilho.com.br\/transportes\/\" target=\"_blank\" rel=\"noopener noreferrer\">www.edirefilho.com.br<\/a>\/<\/p>\n<hr \/>\n<p><a href=\"https:\/\/cnhsuspensarj.com.br\/recurso\/\" target=\"_blank\" rel=\"noopener\"><strong>CNH SUSPENSA RJ<\/strong><\/a><br \/>\n<strong>Tel<\/strong>.: (21) 97232-0304<br \/>\n<strong>Atua\u00e7\u00e3o<\/strong>: servi\u00e7o de recurso de multa, recurso e defesa em processo administrativo de suspens\u00e3o de CNH, processo de cassa\u00e7\u00e3o de CNH e recursos em processo de multa Lei Seca.<br \/>\n<strong>Endere\u00e7o<\/strong>: atendimento online todo Brasil<br \/>\n<strong>Internet<\/strong>: <a href=\"https:\/\/cnhsuspensarj.com.br\/recurso\/\" target=\"_blank\" rel=\"noopener noreferrer\">www.cnhsuspensarj.com.br<\/a><\/p>\n<hr \/>\n<p><a href=\"http:\/\/www.retestando.com.br\"><strong>RETESTANDO &#8211; CILINDROS GNV<\/strong><\/a><br \/>\n<strong>Tel<\/strong>.: (21) 2247-9334 \/ (24) 2247-9334<br \/>\n<strong>Atua\u00e7\u00e3o<\/strong>: empresas especializadas em requalifica\u00e7\u00e3o de cilindros de GNV. Postos de atendimento em toda a regi\u00e3o metropolitana e serrana do RJ.<br \/>\n<strong>Endere\u00e7o<\/strong>: R. General Rondon, 330 (Ponte Fones) &#8211; Petr\u00f3polis &#8211; RJ<br \/>\n<strong>Internet<\/strong>: <a href=\"http:\/\/www.retestando.com.br\">www.retestando.com.br<\/a><\/p>\n<hr \/>\n<p>&nbsp;<\/p>\n<p><a href=\"http:\/\/www.petropolisinspecao.com.br\"><strong>PETR\u00d3POLIS INSPE\u00c7\u00c3O<\/strong><\/a><br \/>\n<strong>Tel<\/strong>.: (24) 2231-4825<br \/>\n<strong>Atua\u00e7\u00e3o<\/strong> : inspe\u00e7\u00e3o de ve\u00edculos com sistema GNV, al\u00e9m de inspe\u00e7\u00e3o de ve\u00edculos blindados, com altera\u00e7\u00e3o de caracter\u00edsticas e Inspe\u00e7\u00e3o de Ve\u00edculos Recuperados de Sinistro.<br \/>\n<strong>Endere\u00e7o<\/strong>: R. Gen. Rondon, 330 &#8211; Quitandinha, Petr\u00f3polis &#8211; RJ<br \/>\n<strong>Internet<\/strong>: <a href=\"http:\/\/www.petropolisinspecao.com.br\">www.petropolisinspecao.com.br<\/a><\/p>\n<hr \/>\n<p><strong><a href=\"http:\/\/piabetainspecao.com.br\/gnv\/\">PIABET\u00c1 INSPE\u00c7\u00c3O GNV<\/a><br \/>\n<\/strong><strong>Tel<\/strong>.: 21 2659-2184 |\u00a0 21 98552-1823<br \/>\n<strong>Atua\u00e7\u00e3o<\/strong>: inspe\u00e7\u00e3o veicular em Kit GNV, ve\u00edculos blindados, de autom\u00f3veis e micro-\u00f4nibus. Atendemos Piabet\u00e1, Mag\u00e9, Guapimirim, Petr\u00f3polis e Grande Rio, .<br \/>\n<strong>Endere\u00e7o<\/strong>: R. Elizabete, 194, Parque S. Jorge, Mag\u00e9 \u2013 RJ &#8211; RJ<br \/>\n<strong>Internet<\/strong>: <a href=\"http:\/\/piabetainspecao.com.br\/gnv\/\">www.piabetainspecao.com.br<\/a><\/p>\n<hr \/>\n<p><a href=\"https:\/\/guardioesdotransito.com.br\/recursodemulta\/\" target=\"_blank\" rel=\"noopener noreferrer\"><strong>GUARDI\u00d5ES DO TR\u00c2NSITO RECURSO DE MULTA<\/strong><\/a><br \/>\n<strong>Tel<\/strong>.: (21) 97290-9536 | (21) 98093-8252<br \/>\n<strong>Atua\u00e7\u00e3o<\/strong>: atuamos em recurso de multas, atendendo motoristas de Petr\u00f3polis, Teres\u00f3polis e Nova Friburgo, Dirigir \u00e9 um direito. N\u00e3o perca sua CNH, Recorremos Hoje mesmo.<br \/>\n<strong>Endere\u00e7o<\/strong>:\u00a0 Petr\u00f3polis e Rio de Janeiro &#8211; RJ<br \/>\n<strong>Internet<\/strong>: <a href=\"https:\/\/guardioesdotransito.com.br\/recursodemulta\/\" target=\"_blank\" rel=\"noopener noreferrer\">www.guardioesdotransito.com.br<\/a><\/p>\n<hr \/>\n<p><a href=\"https:\/\/www.facebook.com\/RazMotosTraxx\/\" target=\"_blank\" rel=\"noopener noreferrer\"><strong>RAZ MOTOS &#8211; TRAXX<\/strong><\/a><br \/>\n<strong>Tel<\/strong>.: (24) 2231-5573<br \/>\n<strong>Atua\u00e7\u00e3o<\/strong> : a Raz Motos revendedora autorizada dos motos Traxx! Conhecidos pelo melhor custo benef\u00edcio &#8211; mais completa, mais econ\u00f4micas e com o melhor design do mercado!!!<br \/>\n<strong>Endere\u00e7o<\/strong>: R Coronel Veiga 551 &#8211; Petr\u00f3polis &#8211; RJ<br \/>\n<strong>Internet<\/strong>: <a href=\"https:\/\/www.facebook.com\/RazMotosTraxx\/\">https:\/\/www.facebook.com\/<\/a><\/p>\n<hr \/>\n<p><strong>MOTOLAND COM. E IMPORTA\u00c7\u00c3O LTDA ME<\/strong><br \/>\n<strong>Tel<\/strong>.:\u00a0 (24) 2243-0883<br \/>\n<strong>Atua\u00e7\u00e3o<\/strong>: uma loja completa para sua moto, com grande variedade em pe\u00e7as, acess\u00f3rios e boutique.<br \/>\n<strong>Endere\u00e7o<\/strong>: R Washington Luiz, 111 &#8211; Centro &#8211; Petr\u00f3polis &#8211; RJ<br \/>\n<strong>Internet<\/strong>: <a href=\"https:\/\/www.facebook.com\/motolandpetropolis\/\">https:\/\/www.facebook.com\/<\/a><\/p>\n<hr \/>\n<p><strong>LAVA A SECO SUNUP\u00a0<\/strong><br \/>\n<strong>Tel<\/strong>.: (24) 2222-5151 | (24) 99266-5189<br \/>\n<strong>Atua\u00e7\u00e3o<\/strong>: lava sof\u00e1s, carpetes, colch\u00f5es, tapetes autom\u00f3veis e etc. 30 Anos de experiencia! O numero 1 em limpeza totalmente ecol\u00f3gica!<br \/>\n<strong>Endere\u00e7o<\/strong>: Estrada das Arcas 1227 &#8211; Itaipava &#8211; Petr\u00f3polis &#8211; RJ<br \/>\n<strong>Internet<\/strong>: <a href=\"mailto:marcusvnmoreira@hotmail.com\">marcusvnmoreira@hotmail.com<\/a><\/p>\n<hr \/>\n<p><strong>PROFESSIONAL DRIVER LOCAD. DE VE\u00cdCULOS<\/strong><br \/>\n<strong>Tel<\/strong>.:(24) 2280-1475 \/ 9229-9939<br \/>\n<strong>Atua\u00e7\u00e3o<\/strong> : aluguel de Van Master 16 lugares com ar. Transportes para universit\u00e1rios Unigranrio, UFRJ, translados, turismo, eventos, empresas, viagens, outros!<br \/>\n<strong>Endere\u00e7o<\/strong>: Spartaco Banal 183 &#8211; Petr\u00f3polis &#8211; RJ<br \/>\n<strong>Internet<\/strong>: <a href=\"mailto:jviannavianna@hotmail.com\">jviannavianna@hotmail.com<\/a><\/p>\n<hr \/>\n<p><strong>PLANET AUTO CENTER MEC\u00c2NICA EM GERAL<\/strong><br \/>\n<strong>Tel<\/strong>.: (24) 22213427\u00a0 \/(24) 22362813<br \/>\n<strong>Atua\u00e7\u00e3o<\/strong>: servi\u00e7os de mec\u00e2nica em geral, com especialidade em el\u00e9trica, ar condicionado Inje\u00e7\u00e3o eletr\u00f4nica.<br \/>\n<strong>Endere\u00e7o<\/strong>: Estrada Uni\u00e3o e Ind\u00fastria, 2095 &#8211; Petr\u00f3polis &#8211; RJ<br \/>\n<strong>Internet<\/strong>: <a href=\"mailto:planet.autocenter@hotmail.com\">planet.autocenter@hotmail.com<\/a><\/p>\n<hr \/>\n<p><a href=\"http:\/\/www.supremarj.com.br\"><strong>SUPREMA VE\u00cdCULOS<\/strong><\/a><br \/>\n<strong>Tel<\/strong>.: (24) 2242-3716 \/ 99914-2435<br \/>\n<strong>Atua\u00e7\u00e3o<\/strong>: ve\u00edculos novos e seminovos. Aceitamos seu usado na troca. Financiamento com \u00f3timas taxas. A melhor avalia\u00e7\u00e3o da cidade! Consulte-nos!<br \/>\n<strong>Endere\u00e7o<\/strong>: Rua 13 de Maio, 150, Centro , Petr\u00f3polis &#8211; RJ<br \/>\n<strong>Internet<\/strong>: <a href=\"http:\/\/www.supremarj.com.br\">www.supremarj.com.br<\/a><\/p>\n<hr \/>\n<p><strong><a href=\"http:\/\/www.ethicseguros.com.br\/\" target=\"_blank\" rel=\"noopener noreferrer\">ETHIC SEGUROS<\/a><\/strong><br \/>\n<strong>Tel<\/strong>.: (21) 2643-1133 | (21) 2643-5200<br \/>\n<strong>Atua\u00e7\u00e3o<\/strong>: seguro de autom\u00f3vel e seguro de motos, trabalhamos com todo tipo de seguro.<br \/>\n<strong>Endere\u00e7o<\/strong>: Av. Jos\u00e9 Joaquim de Ara\u00fajo Regadas, 178, Teres\u00f3polis- RJ<br \/>\n<strong>Internet<\/strong>: <a href=\"http:\/\/www.ethicseguros.com.br\/\" target=\"_blank\" rel=\"noopener noreferrer\">ethicseguros.com.br<\/a><\/p>\n<hr \/>\n<p><strong>LUIZINHO &amp; FILHO &#8211; FUNILARIA E PINTURA<\/strong><br \/>\n<strong>Tel<\/strong>.:\u00a0 (24) 98801-6687 \/ 2291-3013<br \/>\n<strong>Atua\u00e7\u00e3o<\/strong>: Oficina de funilaria e pintura em geral. Retoques de pintura, pintura geral, polimento, pintura personalizada. Servi\u00e7o de funilaria em geral.<br \/>\n<strong>Endere\u00e7o<\/strong>: Rua Jos\u00e9 Tim\u00f3teo Caldara 240, Itamarati,, Petr\u00f3polis, &#8211; RJ<br \/>\n<strong>Internet<\/strong>: <a href=\"mailto:gabrieladl20@hotmail.com\" target=\"_blank\" rel=\"noopener noreferrer\">gabrieladl20@hotmail.com<\/a><\/p>\n<hr \/>\n<a href=\"https:\/\/guiadepetropolis.com.br\/petropolis\/anuncie-no-guia\/\" class=\"su-button su-button-style-default\" style=\"color:#FFFFFF;background-color:#1b8ac8;border-color:#166fa0;border-radius:5px\" target=\"_self\"><span style=\"color:#FFFFFF;padding:0px 16px;font-size:13px;line-height:26px;border-color:#60aed9;border-radius:5px;text-shadow:none\"> Anuncie Gratuitamente <\/span><\/a> <a href=\"https:\/\/guiadepetropolis.com.br\/petropolis\/banner-de-destaque\/\" class=\"su-button su-button-style-default\" style=\"color:#FFFFFF;background-color:#1b8ac8;border-color:#166fa0;border-radius:5px\" target=\"_self\"><span style=\"color:#FFFFFF;padding:0px 16px;font-size:13px;line-height:26px;border-color:#60aed9;border-radius:5px;text-shadow:none\"> Banner <\/span><\/a>\n<hr \/>\n<p><em>A ordem e disposi\u00e7\u00e3o dos an\u00fancios obedecem os seguintes crit\u00e9rios:<\/em><br \/>\n<em>1. An\u00fancios Patrocinados<\/em><br \/>\n<em>2. Data de inclus\u00e3o do an\u00fancio<\/em><br \/>\n<em><a href=\"https:\/\/guiadepetropolis.com.br\/petropolis\/contatos\/\">D\u00favidas? Fale conosco<\/a><\/em><\/p>\n<div id=\"guiad-3213383214\" class=\"guiad-depois-do-conteudo guiad-entity-placement\"><a href=\"http:\/\/edirefilho.com.br\/transportes\/\" target=\"_blank\" aria-label=\"Edir e Filho Mudan\u00e7as e Fretes - Em Petr\u00f3polis e para todo Brasil\"><img loading=\"lazy\" decoding=\"async\" src=\"https:\/\/guiadepetropolis.com.br\/petropolis\/wp-content\/uploads\/2019\/04\/2020-1.jpg\" alt=\"Edir e Filho Mudan\u00e7as e Fretes - Em Petr\u00f3polis e para todo Brasil\"  srcset=\"https:\/\/guiadepetropolis.com.br\/petropolis\/wp-content\/uploads\/2019\/04\/2020-1.jpg 900w, https:\/\/guiadepetropolis.com.br\/petropolis\/wp-content\/uploads\/2019\/04\/2020-1-300x100.jpg 300w, https:\/\/guiadepetropolis.com.br\/petropolis\/wp-content\/uploads\/2019\/04\/2020-1-768x256.jpg 768w\" sizes=\"(max-width: 900px) 100vw, 900px\" width=\"900\" height=\"300\"   \/><\/a><\/div>","protected":false},"excerpt":{"rendered":"<p>MELHOR DESPACHANTE Online &#8211; Whatsapp Atua\u00e7\u00e3o: reunimos os melhores despachantes veiculares e de recurso de multa e recurso Lei Seca do Rio. Atendimento 100% online na maioria dos servi\u00e7os, atendendo motoristas de todo RJ. Endere\u00e7o: atendimento online a todo estado do RJ Web: \u00a0www.melhordespachante.com.br\/ PORTAL DOS RECURSOS Tel.: (21) 3852-8973 | (21) 96441-6731 Atua\u00e7\u00e3o: advogados&#8230;<\/p>\n","protected":false},"author":1,"featured_media":0,"parent":0,"menu_order":0,"comment_status":"closed","ping_status":"closed","template":"","meta":{"footnotes":"","_links_to":"","_links_to_target":""},"class_list":["post-1580","page","type-page","status-publish","hentry"],"_links":{"self":[{"href":"https:\/\/guiadepetropolis.com.br\/petropolis\/wp-json\/wp\/v2\/pages\/1580","targetHints":{"allow":["GET"]}}],"collection":[{"href":"https:\/\/guiadepetropolis.com.br\/petropolis\/wp-json\/wp\/v2\/pages"}],"about":[{"href":"https:\/\/guiadepetropolis.com.br\/petropolis\/wp-json\/wp\/v2\/types\/page"}],"author":[{"embeddable":true,"href":"https:\/\/guiadepetropolis.com.br\/petropolis\/wp-json\/wp\/v2\/users\/1"}],"replies":[{"embeddable":true,"href":"https:\/\/guiadepetropolis.com.br\/petropolis\/wp-json\/wp\/v2\/comments?post=1580"}],"version-history":[{"count":4,"href":"https:\/\/guiadepetropolis.com.br\/petropolis\/wp-json\/wp\/v2\/pages\/1580\/revisions"}],"predecessor-version":[{"id":1842,"href":"https:\/\/guiadepetropolis.com.br\/petropolis\/wp-json\/wp\/v2\/pages\/1580\/revisions\/1842"}],"wp:attachment":[{"href":"https:\/\/guiadepetropolis.com.br\/petropolis\/wp-json\/wp\/v2\/media?parent=1580"}],"curies":[{"name":"wp","href":"https:\/\/api.w.org\/{rel}","templated":true}]}}