{"id":1616,"date":"2022-09-13T12:29:08","date_gmt":"2022-09-13T15:29:08","guid":{"rendered":"https:\/\/guiadepetropolis.com.br\/petropolis\/?page_id=1616"},"modified":"2022-09-13T12:29:22","modified_gmt":"2022-09-13T15:29:22","slug":"moda-e-confeccao","status":"publish","type":"page","link":"https:\/\/guiadepetropolis.com.br\/petropolis\/moda-e-confeccao\/","title":{"rendered":"Moda e Rua Teresa"},"content":{"rendered":"<div id=\"guiad-1369234772\" class=\"guiad-antes-do-conteudo_3 guiad-entity-placement\"><script async src=\"\/\/pagead2.googlesyndication.com\/pagead\/js\/adsbygoogle.js?client=ca-pub-1045376883326522\" crossorigin=\"anonymous\"><\/script><ins class=\"adsbygoogle\" style=\"display:block;\" data-ad-client=\"ca-pub-1045376883326522\" \ndata-ad-slot=\"\" \ndata-ad-format=\"autorelaxed\"><\/ins>\n<script> \n(adsbygoogle = window.adsbygoogle || []).push({}); \n<\/script>\n<\/div><br style=\"clear: both; display: block; float: none;\"\/><div id=\"guiad-154662927\" class=\"guiad-antes-do-conteudo_2 guiad-entity-placement\"><script async src=\"\/\/pagead2.googlesyndication.com\/pagead\/js\/adsbygoogle.js?client=ca-pub-1045376883326522\" crossorigin=\"anonymous\"><\/script><ins class=\"adsbygoogle\" style=\"display:block;\" data-ad-client=\"ca-pub-1045376883326522\" \ndata-ad-slot=\"\" \ndata-ad-format=\"autorelaxed\"><\/ins>\n<script> \n(adsbygoogle = window.adsbygoogle || []).push({}); \n<\/script>\n<\/div><br style=\"clear: both; display: block; float: none;\"\/><div class=\"guiad-antes-do-conteudo guiad-entity-placement\" id=\"guiad-3863257273\"><div id=\"guiad-705843592\"><script async src=\"\/\/pagead2.googlesyndication.com\/pagead\/js\/adsbygoogle.js?client=ca-pub-1045376883326522\" crossorigin=\"anonymous\"><\/script><ins class=\"adsbygoogle\" style=\"display:inline-block;width:0px;height:0px;\" \ndata-ad-client=\"ca-pub-1045376883326522\" \ndata-ad-slot=\"162654302\"><\/ins> \n<script> \n(adsbygoogle = window.adsbygoogle || []).push({}); \n<\/script>\n<\/div><\/div><hr \/>\n<p><a href=\"http:\/\/cottonclub.com.br\/\" target=\"_blank\" rel=\"noopener noreferrer\"><strong>COTTON CLUB<\/strong><\/a><br \/>\n<strong>Tel<\/strong>.: (24) 2237-6447 | (24) 2246-1401<br \/>\n<strong>Atua\u00e7\u00e3o<\/strong>: blusas de modinha, blusas em visco lycra, loja de f\u00e1brica!<br \/>\n<strong>Endere\u00e7o<\/strong>: Rua Teresa, 384, Petr\u00f3polis -RJ<br \/>\n<strong>Web<\/strong>: <a href=\"http:\/\/cottonclub.com.br\/\">www.cottonclub.com.br<\/a><\/p>\n<hr \/>\n<p><a href=\"https:\/\/www.lojacarlaandrea.com.br\/\" target=\"_blank\" rel=\"noopener noreferrer\"><strong>CARLA ANDREA<\/strong><\/a><br \/>\n<strong>Tel<\/strong>.: (24) 99818-1007<br \/>\n<strong>Atua\u00e7\u00e3o<\/strong>: loja online com cole\u00e7\u00e3o de vestidos, batas e kimonos criados por Carla Andrea, priorizando beleza, conforto em sintonia com as \u00faltimas tend\u00eancia da moda!<br \/>\n<strong>Endere\u00e7o<\/strong>: Rua Vig\u00e1rio Corr\u00eaa, 520, Corr\u00eaas, Petr\u00f3polis -RJ<br \/>\n<strong>Web<\/strong>: <a href=\"https:\/\/www.lojacarlaandrea.com.br\/\">www.lojacarlaandrea.com.br<\/a><\/p>\n<hr \/>\n<p><strong><a href=\"http:\/\/www.etiquetas.ind.br\" target=\"_blank\" rel=\"noopener noreferrer\">PETROSUL ETIQUETAS<\/a><\/strong><br \/>\n<strong>Tel<\/strong>.: (24) 2237-0337<br \/>\n<strong>Atua\u00e7\u00e3o<\/strong>: etiquetas para confec\u00e7\u00f5es, todos os tipos, bordadas, impressas, em papel, emborrachadas, em couro, etc.<br \/>\n<strong>Endere\u00e7o<\/strong>: Rua Teresa, 648 sobre lojas &#8211; Petr\u00f3polis &#8211; RJ<br \/>\n<strong>Web<\/strong>: <a href=\"http:\/\/www.etiquetas.ind.br\" target=\"_blank\" rel=\"noopener noreferrer\">www.etiquetas.ind.br<\/a><\/p>\n<hr \/>\n<p><strong><a href=\"http:\/\/www.tricopoint.com.br\">TRIC\u00d4POINT<\/a><\/strong><br \/>\n<strong>Tel<\/strong>.: (35) 3443-2645<br \/>\n<strong>Atua\u00e7\u00e3o<\/strong>: cria\u00e7\u00e3o de vestu\u00e1rio em tricot, voltado para o p\u00fablico feminino e masculino.<br \/>\n<strong>Endere\u00e7o<\/strong>: S\u00e3po Paulo &#8211;\u00a0 SP<br \/>\n<strong>Web<\/strong>:<a href=\"http:\/\/www.tricopoint.com.br\"> www.tricopoint.com.br<\/a><\/p>\n<hr \/>\n<p><strong><a href=\"https:\/\/www.tagsetiquetas.com.br\">TAGS ETIQUETAS<\/a><\/strong><br \/>\n<strong>Tel<\/strong>.: (84) 3211-4660<br \/>\n<strong>Atua\u00e7\u00e3o<\/strong>: f\u00e1brica de etiquetas, puxadores, breves militares, manicacas, bot\u00e3o, chaveiros, placas e tag para mala.<br \/>\n<strong>Endere\u00e7o<\/strong>: R Teotonio Freire, 214 &#8211; Ribeira &#8211; Natal -RN<br \/>\n<strong>Web<\/strong>: <a href=\"https:\/\/www.tagsetiquetas.com.br\">www.tagsetiquetas.com.br<\/a><\/p>\n<hr \/>\n<p><strong><a href=\"https:\/\/www.clickcamisetas.com.br\">VERS\u00c3O BRASILEIRA IND. COM. CONFEC\u00c7\u00d5ES<\/a><\/strong><br \/>\n<strong>Tel<\/strong>.: (47) 3246-3040<br \/>\n<strong>Atua\u00e7\u00e3o<\/strong> : Confec\u00e7\u00e3o aberta a representantes para linha de camisetas feminina e masculina, produtos populares com pre\u00e7o imbat\u00edvel.<br \/>\n<strong>Endere\u00e7o<\/strong>: Rua Vereador Nestor dos Santos 360, Itaja\u00ed &#8211; SC<br \/>\n<strong>Web<\/strong>: <a href=\"https:\/\/www.clickcamisetas.com.br\">www.versao.com.br<\/a><\/p>\n<hr \/>\n<p><strong><a href=\"http:\/\/www.digiartonline.com.br\">DIGIART IND\u00daSTRIA E COM\u00c9RCIO<\/a><\/strong><br \/>\n<strong>Tel<\/strong>.: (24) 2243-3682<br \/>\n<strong>Atua\u00e7\u00e3o<\/strong>: f\u00e1brica de camisas e sublima\u00e7\u00f5es, estamparia, desenvolvemos cole\u00e7\u00f5es exclusivas!<br \/>\n<strong>Endere\u00e7o<\/strong>: Av. Gal. Marciano Magalh\u00e3es, 628 &#8211; Petr\u00f3polis &#8211; RJ<br \/>\n<strong>Web<\/strong>: <a href=\"http:\/\/www.digiartonline.com.br\">www.digiartonline.com.br<\/a><\/p>\n<hr \/>\n<p><strong><a href=\"http:\/\/grupoaj.com.br\/\">AJ ETIQUETAS LTDA<\/a>,<\/strong><br \/>\n<strong>Tel<\/strong>.: (24) 2242-5233 | (24) 99969-6123.<br \/>\n<strong>Atua\u00e7\u00e3o<\/strong> : confec\u00e7\u00e3o e fabrica\u00e7\u00e3o de brindes, etiquetas de composi\u00e7\u00e3o e emborrachadas em 3D e convencional.<br \/>\n<strong>Endere\u00e7o<\/strong>: Av. Get\u00falio Vargas, 2241, Quitandinha &#8211; Petr\u00f3polis &#8211; RJ<br \/>\n<strong>Web<\/strong>: <a href=\"http:\/\/grupoaj.com.br\/\">www.grupoaj.com.br<\/a><\/p>\n<hr \/>\n<p><a href=\"http:\/\/www.anjomodulados.com.br\/\" target=\"_blank\" rel=\"noopener noreferrer\"><strong>ANJOS MODULADOS<\/strong><\/a><br \/>\n<strong>Tel<\/strong>.: (24) 2231-5612 | (24) 99255-1760<br \/>\n<strong>Atua\u00e7\u00e3o<\/strong>: araras, cabides, manequins, balc\u00f5es, cabideiros e temos toda linha de montagem de loja!<br \/>\n<strong>Endere\u00e7o<\/strong>: Rua Teresa 842 &#8211; Petr\u00f3polis &#8211; RJ<br \/>\n<strong>Web<\/strong>: <a href=\"http:\/\/www.anjomodulados.com.br\/\">anjomodulados.com.br<\/a><\/p>\n<hr \/>\n<p><a href=\"http:\/\/contener.com.br\" target=\"_blank\" rel=\"noopener noreferrer\"><strong>CONTENER UNIFORMES ESPORTIVOS<\/strong><\/a><br \/>\n<strong>Tel<\/strong>.: (24) 2237 3506 | (24) 99265 2224<br \/>\n<strong>Atua\u00e7\u00e3o<\/strong>: fabrica\u00e7\u00e3o de uniformes esportivos e uniformes personalizados para times. Atendemos em todo territ\u00f3rio nacional!<br \/>\n<strong>Endere\u00e7o<\/strong>: Petr\u00f3polis &#8211; RJ<br \/>\n<strong>Web<\/strong>: <a href=\"http:\/\/contener.com.br\">www.contener.com.br<\/a><\/p>\n<hr \/>\n<p><a href=\"https:\/\/ kegdigitalonline.webnode.com\"><strong>KEG MAN<\/strong><\/a><br \/>\n<strong>Tel<\/strong>.: (24) 99233-3388<br \/>\n<strong>Atua\u00e7\u00e3o<\/strong>: Moda masculina swag, produtos digitais e f\u00edsicos no site. Entregamos todo Brasil. Venha conhecer nossa loja f\u00edsica!<br \/>\n<strong>Endere\u00e7o<\/strong>: Rua Teresa 231 Lj 6, Petr\u00f3polis &#8211; RJ<br \/>\nWeb: <a href=\"mailto:jonathanetatiane@gmail.com\">jonathanetatiane@gmail.com<\/a><\/p>\n<hr \/>\n<p><strong><a href=\"http:\/\/www.gugalele.com.br\">GUGALELE CAMISETAS PROMOCIONAIS<\/a><\/strong><br \/>\n<strong>Tel<\/strong>.: (43) 3047 2511 | (43)99872 8313<br \/>\n<strong>Atua\u00e7\u00e3o<\/strong> : brindes promocionais, bon\u00e9s, camisetas, camisas p\u00f3lo, chap\u00e9us e outros brindes promocionais.<br \/>\n<strong>Endere\u00e7o<\/strong>: Rua Ant\u00f4nio Lolo Menegazzo Filho 63 &#8211; PR<br \/>\n<strong>Web<\/strong>: <a href=\"http:\/\/www.gugalele.com.br\">www.gugalele.com.br<\/a><\/p>\n<hr \/>\n<p><strong><a href=\"http:\/\/falca.com.br\/\">FALCA CAMISAS PERSONALIZADAS<\/a><\/strong><br \/>\n<strong>Tel<\/strong>.: (24) (24)2242-2670<br \/>\n<strong>Atua\u00e7\u00e3o<\/strong>: pronta entrega as camisetas estonadas lisas sem logomarcas.<br \/>\n<strong>Endere\u00e7o<\/strong>: Rua Teresa 651 loja 17, Petr\u00f3polis &#8211; RJ<br \/>\n<strong>Web<\/strong>: <a href=\"http:\/\/falca.com.br\/\">www.falca.com.br<\/a><\/p>\n<hr \/>\n<p><strong><a href=\"http:\/\/www.camisetas-bones.com.br\">BONES E CAMISETAS PROMOCIONAIS<\/a><\/strong><br \/>\n<strong>Tel<\/strong>.: (43) 3422-7705 |\u00a0 (43) 99872-8560<br \/>\n<strong>Atua\u00e7\u00e3o<\/strong>: fabricamos e confeccionamos bon\u00e9s e brindes promocionais, voltados para campanhas de marketing, feiras e eventos.<br \/>\n<strong>Endere\u00e7o<\/strong>: Apucarana &#8211; PR<br \/>\n<strong>Web<\/strong>: <a href=\"http:\/\/www.camisetas-bones.com.br\">www.camisetas-bones.com.br<\/a><\/p>\n<hr \/>\n<p><strong><a href=\"https:\/\/www.facebook.com\/pg\/etiquetamidas\/\">MIDAS ETIQUETAS<\/a><\/strong><br \/>\n<strong>Tel<\/strong>.: (21) 212697-5200<br \/>\n<strong>Atua\u00e7\u00e3o<\/strong>: f\u00e1brica de etiquetas bordadas, impressas e de metal para roupas, bolsas de papel e pl\u00e1sticas personalizadas com sua logomarca e muito mais&#8230;<br \/>\n<strong>Endere\u00e7o<\/strong> Rio de Janeiro &#8211; RJ<br \/>\n<strong>Web<\/strong>: <a href=\"https:\/\/www.facebook.com\/pg\/etiquetamidas\/\">www.facebook.com<\/a><\/p>\n<hr \/>\n<p><strong><a href=\"https:\/\/sudotex.com.br\">SUDOTEX MALHAS<\/a><\/strong><br \/>\n<strong>Tel<\/strong>.: (77) 3456-2143<br \/>\n<strong>Atua\u00e7\u00e3o<\/strong>: fabricamos malhas de algod\u00e3o: meia malha, ribana, cotton, piquet e malha canelada. malhas para confeccionistas e atacadistas.<br \/>\n<strong>Endere\u00e7o<\/strong> Avenida Montes Claros, 600\u00a0 Urandi &#8211; BA<br \/>\n<strong>Web<\/strong>: <a href=\"https:\/\/sudotex.com.br\">www.sudotex.com.br<\/a><\/p>\n<hr \/>\n<p><strong><a href=\"http:\/\/www.etiquetasbrasil.com.br\">ETIQUETAS BRASIL<\/a><\/strong><br \/>\n<strong>Tel<\/strong>.: (11) 2291-0900<br \/>\n<strong>Atua\u00e7\u00e3o<\/strong>: fornecemos toda a linha de etiquetas para roupas, etiquetas bordadas, etiquetas estampadas, tags, etiquetas para composi\u00e7\u00e3o, dentre outros.<br \/>\n<strong>Endere\u00e7o<\/strong> Rua Brigadeiro Machado, 226 &#8211; Br\u00e1s, S\u00e3o Paulo &#8211; SP<br \/>\n<strong>Web<\/strong>: <a href=\"http:\/\/www.etiquetasbrasil.com.br\">www.etiquetasbrasil.com.br<\/a><\/p>\n<hr \/>\n<p><strong><a href=\"http:\/\/www.displayaviamentos.com.br\/\">DISPLAY AVIAMENTOS<\/a><\/strong><br \/>\n<strong>Tel<\/strong>.: (24) 2243-3411 | (24) 2237-5826<br \/>\n<strong>Atua\u00e7\u00e3o<\/strong>: com\u00e9rcio de aviamentos em geral, bot\u00f5es para camisaria, bot\u00f5es metalizados, argolas, passantes, enfeites em zamak, rendas, zipperes, ilhoses, etc.<br \/>\n<strong>Endere\u00e7o<\/strong>: Rua Teresa, 1200 &#8211; Alto da Serra- Petr\u00f3polis &#8211; RJ<br \/>\n<strong>Web<\/strong>: <a href=\"http:\/\/www.displayaviamentos.com.br\/\" target=\"_blank\" rel=\"noopener noreferrer\">displayaviamentos.com.br<\/a><\/p>\n<hr \/>\n<p><script async src=\"https:\/\/pagead2.googlesyndication.com\/pagead\/js\/adsbygoogle.js\"><\/script><br \/>\n<!-- 2020 --><br \/>\n<ins class=\"adsbygoogle\" style=\"display: block;\" data-ad-client=\"ca-pub-1045376883326522\" data-ad-slot=\"2420231355\" data-ad-format=\"auto\" data-full-width-responsive=\"true\"><\/ins><br \/>\n<script>\n     (adsbygoogle = window.adsbygoogle || []).push({});\n<\/script><\/p>\n<a href=\"https:\/\/guiadepetropolis.com.br\/petropolis\/anuncie-no-guia\/\" class=\"su-button su-button-style-default\" style=\"color:#FFFFFF;background-color:#1b8ac8;border-color:#166fa0;border-radius:5px\" target=\"_self\"><span style=\"color:#FFFFFF;padding:0px 16px;font-size:13px;line-height:26px;border-color:#60aed9;border-radius:5px;text-shadow:none\"> Anuncie Gratuitamente <\/span><\/a> <a href=\"https:\/\/guiadepetropolis.com.br\/petropolis\/banner-de-destaque\/\" class=\"su-button su-button-style-default\" style=\"color:#FFFFFF;background-color:#1b8ac8;border-color:#166fa0;border-radius:5px\" target=\"_self\"><span style=\"color:#FFFFFF;padding:0px 16px;font-size:13px;line-height:26px;border-color:#60aed9;border-radius:5px;text-shadow:none\"> Banner <\/span><\/a>\n<hr \/>\n<p><em>A ordem e disposi\u00e7\u00e3o dos an\u00fancios obedecem os seguintes crit\u00e9rios:<\/em><br \/>\n<em>1. An\u00fancios Patrocinados<\/em><br \/>\n<em>2. Data de inclus\u00e3o do an\u00fancio<\/em><br \/>\n<em><a href=\"https:\/\/guiadepetropolis.com.br\/petropolis\/contatos\/\">D\u00favidas? Fale conosco<\/a><\/em><\/p>\n<div id=\"guiad-1412445385\" class=\"guiad-depois-do-conteudo guiad-entity-placement\"><a href=\"http:\/\/edirefilho.com.br\/transportes\/\" target=\"_blank\" aria-label=\"Edir e Filho Mudan\u00e7as e Fretes - Em Petr\u00f3polis e para todo Brasil\"><img loading=\"lazy\" decoding=\"async\" src=\"https:\/\/guiadepetropolis.com.br\/petropolis\/wp-content\/uploads\/2019\/04\/2020-1.jpg\" alt=\"Edir e Filho Mudan\u00e7as e Fretes - Em Petr\u00f3polis e para todo Brasil\"  srcset=\"https:\/\/guiadepetropolis.com.br\/petropolis\/wp-content\/uploads\/2019\/04\/2020-1.jpg 900w, https:\/\/guiadepetropolis.com.br\/petropolis\/wp-content\/uploads\/2019\/04\/2020-1-300x100.jpg 300w, https:\/\/guiadepetropolis.com.br\/petropolis\/wp-content\/uploads\/2019\/04\/2020-1-768x256.jpg 768w\" sizes=\"(max-width: 900px) 100vw, 900px\" width=\"900\" height=\"300\"   \/><\/a><\/div>","protected":false},"excerpt":{"rendered":"<p>COTTON CLUB Tel.: (24) 2237-6447 | (24) 2246-1401 Atua\u00e7\u00e3o: blusas de modinha, blusas em visco lycra, loja de f\u00e1brica! Endere\u00e7o: Rua Teresa, 384, Petr\u00f3polis -RJ Web: www.cottonclub.com.br CARLA ANDREA Tel.: (24) 99818-1007 Atua\u00e7\u00e3o: loja online com cole\u00e7\u00e3o de vestidos, batas e kimonos criados por Carla Andrea, priorizando beleza, conforto em sintonia com as \u00faltimas tend\u00eancia&#8230;<\/p>\n","protected":false},"author":1,"featured_media":0,"parent":0,"menu_order":0,"comment_status":"closed","ping_status":"closed","template":"","meta":{"footnotes":"","_links_to":"","_links_to_target":""},"class_list":["post-1616","page","type-page","status-publish","hentry"],"_links":{"self":[{"href":"https:\/\/guiadepetropolis.com.br\/petropolis\/wp-json\/wp\/v2\/pages\/1616","targetHints":{"allow":["GET"]}}],"collection":[{"href":"https:\/\/guiadepetropolis.com.br\/petropolis\/wp-json\/wp\/v2\/pages"}],"about":[{"href":"https:\/\/guiadepetropolis.com.br\/petropolis\/wp-json\/wp\/v2\/types\/page"}],"author":[{"embeddable":true,"href":"https:\/\/guiadepetropolis.com.br\/petropolis\/wp-json\/wp\/v2\/users\/1"}],"replies":[{"embeddable":true,"href":"https:\/\/guiadepetropolis.com.br\/petropolis\/wp-json\/wp\/v2\/comments?post=1616"}],"version-history":[{"count":2,"href":"https:\/\/guiadepetropolis.com.br\/petropolis\/wp-json\/wp\/v2\/pages\/1616\/revisions"}],"predecessor-version":[{"id":1618,"href":"https:\/\/guiadepetropolis.com.br\/petropolis\/wp-json\/wp\/v2\/pages\/1616\/revisions\/1618"}],"wp:attachment":[{"href":"https:\/\/guiadepetropolis.com.br\/petropolis\/wp-json\/wp\/v2\/media?parent=1616"}],"curies":[{"name":"wp","href":"https:\/\/api.w.org\/{rel}","templated":true}]}}