{"id":1638,"date":"2022-09-13T12:34:21","date_gmt":"2022-09-13T15:34:21","guid":{"rendered":"https:\/\/guiadepetropolis.com.br\/petropolis\/?page_id=1638"},"modified":"2024-06-03T18:28:12","modified_gmt":"2024-06-03T21:28:12","slug":"transporte-e-fretes","status":"publish","type":"page","link":"https:\/\/guiadepetropolis.com.br\/petropolis\/transporte-e-fretes\/","title":{"rendered":"Transporte e Fretes"},"content":{"rendered":"<div id=\"guiad-2718954852\" class=\"guiad-antes-do-conteudo_3 guiad-entity-placement\"><script async src=\"\/\/pagead2.googlesyndication.com\/pagead\/js\/adsbygoogle.js?client=ca-pub-1045376883326522\" crossorigin=\"anonymous\"><\/script><ins class=\"adsbygoogle\" style=\"display:block;\" data-ad-client=\"ca-pub-1045376883326522\" \ndata-ad-slot=\"\" \ndata-ad-format=\"autorelaxed\"><\/ins>\n<script> \n(adsbygoogle = window.adsbygoogle || []).push({}); \n<\/script>\n<\/div><br style=\"clear: both; display: block; float: none;\"\/><div id=\"guiad-2109862777\" class=\"guiad-antes-do-conteudo_2 guiad-entity-placement\"><script async src=\"\/\/pagead2.googlesyndication.com\/pagead\/js\/adsbygoogle.js?client=ca-pub-1045376883326522\" crossorigin=\"anonymous\"><\/script><ins class=\"adsbygoogle\" style=\"display:block;\" data-ad-client=\"ca-pub-1045376883326522\" \ndata-ad-slot=\"\" \ndata-ad-format=\"autorelaxed\"><\/ins>\n<script> \n(adsbygoogle = window.adsbygoogle || []).push({}); \n<\/script>\n<\/div><br style=\"clear: both; display: block; float: none;\"\/><div class=\"guiad-antes-do-conteudo guiad-entity-placement\" id=\"guiad-2649446058\"><div id=\"guiad-1852477872\"><script async src=\"\/\/pagead2.googlesyndication.com\/pagead\/js\/adsbygoogle.js?client=ca-pub-1045376883326522\" crossorigin=\"anonymous\"><\/script><ins class=\"adsbygoogle\" style=\"display:inline-block;width:0px;height:0px;\" \ndata-ad-client=\"ca-pub-1045376883326522\" \ndata-ad-slot=\"8930441689\"><\/ins> \n<script> \n(adsbygoogle = window.adsbygoogle || []).push({}); \n<\/script>\n<\/div><\/div><hr \/>\n<p><a href=\"http:\/\/edirefilho.com.br\/transportes\/\" target=\"_blank\" rel=\"noopener noreferrer\"><img loading=\"lazy\" decoding=\"async\" class=\"aligncenter wp-image-1267 size-full\" title=\"Edir e Filho Mudan\u00e7as e Fretes - Em Petr\u00f3polis e para todo Brasil\" src=\"https:\/\/guiadepetropolis.com.br\/petropolis\/wp-content\/uploads\/2019\/04\/2020-1.jpg\" alt=\"Edir e Filho Mudan\u00e7as e Fretes - Em Petr\u00f3polis e para todo Brasil\" width=\"900\" height=\"300\" srcset=\"https:\/\/guiadepetropolis.com.br\/petropolis\/wp-content\/uploads\/2019\/04\/2020-1.jpg 900w, https:\/\/guiadepetropolis.com.br\/petropolis\/wp-content\/uploads\/2019\/04\/2020-1-300x100.jpg 300w, https:\/\/guiadepetropolis.com.br\/petropolis\/wp-content\/uploads\/2019\/04\/2020-1-768x256.jpg 768w\" sizes=\"auto, (max-width: 900px) 100vw, 900px\" \/><\/a><\/p>\n<hr \/>\n<p><strong><a href=\"http:\/\/www.edirefilho.com.br\">EDIR E FILHO MUDANCAS E FRETES<\/a><\/strong><br \/>\nTel.: (24) 98813-7969 | (24) 2243-9157<br \/>\nAtua\u00e7\u00e3o: fretes e mudan\u00e7as em Petr\u00f3polis e Rio de Janeiro, com menor pre\u00e7o e alta qualidade, caminh\u00e3o e carros para pequenos fretes para todo Brasil.<br \/>\nEndere\u00e7o: Rua Henrique Dias, 269, Petr\u00f3polis &#8211; RJ<br \/>\nInternet: <a href=\"http:\/\/edirefilho.com.br\/transportes\/\">www.edirefilho.com.br<\/a><\/p>\n<hr \/>\n<p><a href=\"https:\/\/jusan.com.br\/\" target=\"_blank\" rel=\"noopener\"><strong>JUSAN LOG\u00cdSTICA TRANSPORTADORA<\/strong><\/a><br \/>\n<strong>Tel<\/strong>.: (21) 96437-2190<br \/>\n<strong>Atua\u00e7\u00e3o<\/strong>: transporte de cargas fracionadas ou\u00a0 dedicadas, opera\u00e7\u00f5es di\u00e1rias entre RJ, SP e ES. Frota pr\u00f3pria urbana e interestadual com log\u00edstica especializada para entrega de e-commerce.<br \/>\n<strong>Endere\u00e7o<\/strong>: Armaz\u00e9ns no RJ, SP e ES.<br \/>\n<strong>Internet<\/strong>: <a href=\"https:\/\/jusan.com.br\/\" target=\"_blank\" rel=\"noopener\">https:\/\/jusan.com.br<\/a><\/p>\n<hr \/>\n<p>&nbsp;<\/p>\n<p><strong>ALISSON FRETES &#8211; GRANDE RIO<\/strong><br \/>\nTel.: (21) 98060-3769 | (21) 99846-4663<br \/>\n<strong>Atua\u00e7\u00e3o<\/strong>: fretes em todo o Rio de Janeiro, aceitamos todos os cart\u00f5es. Agende seu frete conosco para qualquer dia da semana!<br \/>\n<strong>Endere\u00e7o<\/strong>: Rio de Janeiro &#8211; RJ<br \/>\n<strong>Internet<\/strong>: em breve.<\/p>\n<hr \/>\n<p><strong>SERVI\u00c7OS DE ENTREGAS EXPRESSAS<\/strong><br \/>\n<strong>Tel<\/strong>.: (24) 2248-8645 \/98845-5073<br \/>\n<strong>Atua\u00e7\u00e3o<\/strong>: fretes e log\u00edstica de pequeno porte, cobran\u00e7a ponto a ponto, servi\u00e7os r\u00e1pidos a pre\u00e7o fixo e justo, atuamos em Petr\u00f3polis, Rio e Regi\u00e3o Serrana.<br \/>\n<strong>Endere\u00e7o<\/strong>: Petr\u00f3polis\u00a0 &#8211; RJ<br \/>\n<strong>Internet<\/strong>: <a href=\"mailto:autoexecutivo@yahoo.com.br\">autoexecutivo@yahoo.com.br<\/a><\/p>\n<hr \/>\n<p><strong>AUTOEXECUTIVO SERVI\u00c7OS<\/strong><br \/>\nTel.: (24) 2248-8645 \/98845-5073<br \/>\n<strong>Atua\u00e7\u00e3o<\/strong>: servi\u00e7o de motorista executivo bilingue (ingl\u00eas\/portugu\u00eas), ve\u00edculo Sedan completo: air Bag, ABS . Experi\u00eancia, discri\u00e7\u00e3o, confiabilidade e seguran\u00e7a.<br \/>\n<strong>Endere\u00e7o<\/strong>: Aeroporte RJ e Petr\u00f3polis\u00a0 e\u00a0 Regi\u00e3o Serrana &#8211; RJ<br \/>\n<strong>Internet<\/strong>: <a href=\"mailto:autoexecutivo@yahoo.com.br\">autoexecutivo@yahoo.com.br<\/a><\/p>\n<hr \/>\n<p><strong>FLASH EXPRESS<\/strong><br \/>\n<strong>Tel<\/strong>.: (24) 2231-4172<br \/>\n<strong>Atua\u00e7\u00e3o<\/strong>: : Entregas de medicamentos e documentos em geral. Servi\u00e7os para pessoa f\u00edsica e jur\u00eddica.<br \/>\n<strong>Endere\u00e7o<\/strong>: Treze de Maio, 202 &#8211; Centro, Petr\u00f3polis &#8211; RJ<br \/>\n<strong>Internet<\/strong>: <a href=\"mailto:daniele.flash@hotmail.com\">daniele.flash@hotmail.com<\/a><\/p>\n<hr \/>\n<p><strong>PETROPOLIS SMART EXPRESS<\/strong><br \/>\n<strong>Tel<\/strong>.: (24) 99327-8948<br \/>\n<strong>Atua\u00e7\u00e3o<\/strong>: servi\u00e7os avulso de entrega r\u00e1pida de documentos e cargas leves de um ponto para o outro da cidade de Petr\u00f3polis e adjac\u00eancias.<br \/>\n<strong>Endere\u00e7o<\/strong>: Rua do Imperador &#8211; Centro, Petr\u00f3polis &#8211; RJ<br \/>\n<strong>Internet<\/strong>: <a href=\"mailto:michelmendes74@gmail.com\">michelmendes74@gmail.com<\/a><\/p>\n<hr \/>\n<p><strong><a href=\"https:\/\/www.disqfrete.com.br\/gilberto-mayworm\">DISQFRETE<\/a>\u00a0<\/strong><br \/>\n<strong>Tel<\/strong>.: (24)\u00a0 2248-4593 |\u00a0 (24) 99213-4825<br \/>\n<strong>Atua\u00e7\u00e3o<\/strong>: fretes e mudan\u00e7as. Transportes em caminh\u00e3o ba\u00fa e kombi, desmontagem e montagem de m\u00f3veis. Embalagem de objetos fr\u00e1geis.<br \/>\n<strong>Endere\u00e7o<\/strong>: Rua Professor Jo\u00e3o de Deus, 301 &#8211; Petr\u00f3polis &#8211; RJ<br \/>\n<strong>Internet<\/strong>: <a href=\"https:\/\/www.disqfrete.com.br\/gilberto-mayworm\">www.disqfrete.com.br<\/a><\/p>\n<hr \/>\n<p><a href=\"http:\/\/www.vitorpulligmudancas.com.br\"><strong>V\u00cdTOR PULLIG FRETES<\/strong><\/a><br \/>\n<strong>Tel<\/strong>.: (24) 2246-2797 \/ 98813-4664<br \/>\n<strong>Atua\u00e7\u00e3o<\/strong>: mudan\u00e7as, guarda m\u00f3veis, embalagem, desmontagem, montagem de m\u00f3veis, transporte e ajudantes qualificados, aceitamos cart\u00e3o de cr\u00e9dito.<br \/>\n<strong>Endere\u00e7o<\/strong>: Rua Guido Graziosi 1003, Retiro, Petr\u00f3polis &#8211; RJ<br \/>\n<strong>Internet<\/strong>: <a href=\"http:\/\/www.vitorpulligmudancas.com.br\" target=\"_blank\" rel=\"noopener noreferrer\">vitorpulligmudancas.com.br<\/a><\/p>\n<hr \/>\n<p><a href=\"contato@transportadorademudanca.com.br\"><strong>TRANSPORTADORA DE MUDAN\u00c7A<\/strong><\/a><br \/>\n<strong>Tel<\/strong>.: (11) 98653-6550<br \/>\n<strong>Atua\u00e7\u00e3o<\/strong>: mudan\u00e7as comercial, mudan\u00e7as residencial, fretes e carretos, entregas r\u00e1pidas, transporte de cargas, transportes para feiras e eventos.<br \/>\n<strong>Endere\u00e7o<\/strong>: Rua Guilherme de Paula Machado, 20, Osasco &#8211; SP<br \/>\n<strong>Internet<\/strong>: <a href=\"https:\/\/transportadorademudanca.com.br\/\">www.transportadorademudanca.com.br<\/a><\/p>\n<hr \/>\n<p><a href=\"mailto:reboquegr@gmail.com\" target=\"_blank\" rel=\"noopener noreferrer\"><strong>GIL FRETES E REBOQUES DE MOTOS<\/strong><\/a><br \/>\n<strong>Tel<\/strong>.: (24) 98817-5543 \/98114-3275<br \/>\n<strong>Atua\u00e7\u00e3o<\/strong>: Pequenos fretes locais e intermunicipais, reboque de motocicletas. Fa\u00e7a um or\u00e7amento.<br \/>\n<strong>Endere\u00e7o<\/strong>: Rua Washington Luiz 800, Petr\u00f3polis &#8211; RJ<br \/>\n<strong>Internet<\/strong>: <a href=\"mailto:reboquegr@gmail.com\">reboquegr@gmail.com<\/a><\/p>\n<hr \/>\n<p><a href=\"https:\/\/api.whatsapp.com\/send?phone=5522988476888\" target=\"_blank\" rel=\"noopener noreferrer\"><strong>MOTORISTA PARTICULAR REGI\u00c3O LAGOS<\/strong><\/a><br \/>\n<strong>Tel<\/strong>.: (22) 98847-6888<br \/>\n<strong>Atua\u00e7\u00e3o<\/strong>: corridas agendadas, pre\u00e7o justo, traslado aeroporto Rio X Cabo Frio, shows e turismo em geral, regi\u00e3o dos lagos e Rio de Janeiro.<br \/>\n<strong>Endere\u00e7o<\/strong>: Regi\u00e3o dos Lagos &#8211; RJ<br \/>\n<strong>Contatos<\/strong>: <a href=\"https:\/\/api.whatsapp.com\/send?phone=5522988476888\" target=\"_blank\" rel=\"noopener\">Whatsapp<\/a><\/p>\n<hr \/>\n<p><script async src=\"https:\/\/pagead2.googlesyndication.com\/pagead\/js\/adsbygoogle.js\"><\/script><br \/>\n<!-- 2020 --><br \/>\n<ins class=\"adsbygoogle\" style=\"display: block;\" data-ad-client=\"ca-pub-1045376883326522\" data-ad-slot=\"2420231355\" data-ad-format=\"auto\" data-full-width-responsive=\"true\"><\/ins><br \/>\n<script>\n     (adsbygoogle = window.adsbygoogle || []).push({});\n<\/script><\/p>\n<hr \/>\n<p><a href=\"http:\/\/edirefilho.com.br\/transportes\/\" target=\"_blank\" rel=\"noopener noreferrer\"><img loading=\"lazy\" decoding=\"async\" class=\"alignnone wp-image-727 size-full\" src=\"https:\/\/guiadepetropolis.com.br\/petropolis\/wp-content\/uploads\/2019\/05\/edir.gif\" alt=\"Edir e Filho Mudan\u00e7as e Fretes para todo Brasil\" width=\"728\" height=\"90\" \/><\/a><\/p>\n<hr \/>\n<a href=\"https:\/\/guiadepetropolis.com.br\/petropolis\/anuncie-no-guia\/\" class=\"su-button su-button-style-default\" style=\"color:#FFFFFF;background-color:#1b8ac8;border-color:#166fa0;border-radius:5px\" target=\"_self\"><span style=\"color:#FFFFFF;padding:0px 16px;font-size:13px;line-height:26px;border-color:#60aed9;border-radius:5px;text-shadow:none\"> Anuncie Gratuitamente <\/span><\/a> <a href=\"https:\/\/guiadepetropolis.com.br\/petropolis\/banner-de-destaque\/\" class=\"su-button su-button-style-default\" style=\"color:#FFFFFF;background-color:#1b8ac8;border-color:#166fa0;border-radius:5px\" target=\"_self\"><span style=\"color:#FFFFFF;padding:0px 16px;font-size:13px;line-height:26px;border-color:#60aed9;border-radius:5px;text-shadow:none\"> Banner <\/span><\/a>\n<hr \/>\n<p><em>A ordem e disposi\u00e7\u00e3o dos an\u00fancios obedecem os seguintes crit\u00e9rios:<\/em><br \/>\n<em>1. An\u00fancios Patrocinados<\/em><br \/>\n<em>2. Data de inclus\u00e3o do an\u00fancio<\/em><br \/>\n<em><a href=\"https:\/\/guiadepetropolis.com.br\/petropolis\/contatos\/\">D\u00favidas? Fale conosco<\/a><\/em><\/p>\n<div id=\"guiad-1635037019\" class=\"guiad-depois-do-conteudo guiad-entity-placement\"><a href=\"http:\/\/edirefilho.com.br\/transportes\/\" target=\"_blank\" aria-label=\"Edir e Filho Mudan\u00e7as e Fretes - Em Petr\u00f3polis e para todo Brasil\"><img loading=\"lazy\" decoding=\"async\" src=\"https:\/\/guiadepetropolis.com.br\/petropolis\/wp-content\/uploads\/2019\/04\/2020-1.jpg\" alt=\"Edir e Filho Mudan\u00e7as e Fretes - Em Petr\u00f3polis e para todo Brasil\"  srcset=\"https:\/\/guiadepetropolis.com.br\/petropolis\/wp-content\/uploads\/2019\/04\/2020-1.jpg 900w, https:\/\/guiadepetropolis.com.br\/petropolis\/wp-content\/uploads\/2019\/04\/2020-1-300x100.jpg 300w, https:\/\/guiadepetropolis.com.br\/petropolis\/wp-content\/uploads\/2019\/04\/2020-1-768x256.jpg 768w\" sizes=\"(max-width: 900px) 100vw, 900px\" width=\"900\" height=\"300\"   \/><\/a><\/div>","protected":false},"excerpt":{"rendered":"<p>EDIR E FILHO MUDANCAS E FRETES Tel.: (24) 98813-7969 | (24) 2243-9157 Atua\u00e7\u00e3o: fretes e mudan\u00e7as em Petr\u00f3polis e Rio de Janeiro, com menor pre\u00e7o e alta qualidade, caminh\u00e3o e carros para pequenos fretes para todo Brasil. Endere\u00e7o: Rua Henrique Dias, 269, Petr\u00f3polis &#8211; RJ Internet: www.edirefilho.com.br JUSAN LOG\u00cdSTICA TRANSPORTADORA Tel.: (21) 96437-2190 Atua\u00e7\u00e3o: transporte&#8230;<\/p>\n","protected":false},"author":1,"featured_media":0,"parent":0,"menu_order":0,"comment_status":"closed","ping_status":"closed","template":"","meta":{"footnotes":"","_links_to":"","_links_to_target":""},"class_list":["post-1638","page","type-page","status-publish","hentry"],"_links":{"self":[{"href":"https:\/\/guiadepetropolis.com.br\/petropolis\/wp-json\/wp\/v2\/pages\/1638","targetHints":{"allow":["GET"]}}],"collection":[{"href":"https:\/\/guiadepetropolis.com.br\/petropolis\/wp-json\/wp\/v2\/pages"}],"about":[{"href":"https:\/\/guiadepetropolis.com.br\/petropolis\/wp-json\/wp\/v2\/types\/page"}],"author":[{"embeddable":true,"href":"https:\/\/guiadepetropolis.com.br\/petropolis\/wp-json\/wp\/v2\/users\/1"}],"replies":[{"embeddable":true,"href":"https:\/\/guiadepetropolis.com.br\/petropolis\/wp-json\/wp\/v2\/comments?post=1638"}],"version-history":[{"count":4,"href":"https:\/\/guiadepetropolis.com.br\/petropolis\/wp-json\/wp\/v2\/pages\/1638\/revisions"}],"predecessor-version":[{"id":1828,"href":"https:\/\/guiadepetropolis.com.br\/petropolis\/wp-json\/wp\/v2\/pages\/1638\/revisions\/1828"}],"wp:attachment":[{"href":"https:\/\/guiadepetropolis.com.br\/petropolis\/wp-json\/wp\/v2\/media?parent=1638"}],"curies":[{"name":"wp","href":"https:\/\/api.w.org\/{rel}","templated":true}]}}