{"id":282,"date":"2019-05-03T10:14:22","date_gmt":"2019-05-03T13:14:22","guid":{"rendered":"https:\/\/guiadepetropolis.com.br\/petropolis\/?page_id=282"},"modified":"2019-08-19T15:00:27","modified_gmt":"2019-08-19T18:00:27","slug":"catedral-sao-pedro-de-alcantara","status":"publish","type":"page","link":"https:\/\/guiadepetropolis.com.br\/petropolis\/catedral-sao-pedro-de-alcantara\/","title":{"rendered":"Catedral S\u00e3o Pedro de Alc\u00e2ntara"},"content":{"rendered":"<div id=\"guiad-2152770423\" class=\"guiad-antes-do-conteudo_3 guiad-entity-placement\"><script async src=\"\/\/pagead2.googlesyndication.com\/pagead\/js\/adsbygoogle.js?client=ca-pub-1045376883326522\" crossorigin=\"anonymous\"><\/script><ins class=\"adsbygoogle\" style=\"display:block;\" data-ad-client=\"ca-pub-1045376883326522\" \ndata-ad-slot=\"\" \ndata-ad-format=\"autorelaxed\"><\/ins>\n<script> \n(adsbygoogle = window.adsbygoogle || []).push({}); \n<\/script>\n<\/div><br style=\"clear: both; display: block; float: none;\"\/><div id=\"guiad-813549555\" class=\"guiad-antes-do-conteudo_2 guiad-entity-placement\"><script async src=\"\/\/pagead2.googlesyndication.com\/pagead\/js\/adsbygoogle.js?client=ca-pub-1045376883326522\" crossorigin=\"anonymous\"><\/script><ins class=\"adsbygoogle\" style=\"display:block;\" data-ad-client=\"ca-pub-1045376883326522\" \ndata-ad-slot=\"\" \ndata-ad-format=\"autorelaxed\"><\/ins>\n<script> \n(adsbygoogle = window.adsbygoogle || []).push({}); \n<\/script>\n<\/div><br style=\"clear: both; display: block; float: none;\"\/><div class=\"guiad-antes-do-conteudo guiad-entity-placement\" id=\"guiad-37678310\"><div id=\"3854085266\"><script async src=\"\/\/pagead2.googlesyndication.com\/pagead\/js\/adsbygoogle.js?client=ca-pub-1045376883326522\" crossorigin=\"anonymous\"><\/script><ins class=\"adsbygoogle\" style=\"display:block;\" data-ad-client=\"ca-pub-1045376883326522\" \ndata-ad-slot=\"3854085266\" \ndata-ad-format=\"autorelaxed\"><\/ins>\n<script> \n(adsbygoogle = window.adsbygoogle || []).push({}); \n<\/script>\n<\/div><\/div><p><img loading=\"lazy\" decoding=\"async\" class=\"aligncenter wp-image-1021 size-full\" src=\"https:\/\/guiadepetropolis.com.br\/petropolis\/wp-content\/uploads\/2019\/08\/catedral2.jpg\" alt=\"Catedral De Petr\u00f3polis\" width=\"1280\" height=\"960\" srcset=\"https:\/\/guiadepetropolis.com.br\/petropolis\/wp-content\/uploads\/2019\/08\/catedral2.jpg 1280w, https:\/\/guiadepetropolis.com.br\/petropolis\/wp-content\/uploads\/2019\/08\/catedral2-300x225.jpg 300w, https:\/\/guiadepetropolis.com.br\/petropolis\/wp-content\/uploads\/2019\/08\/catedral2-768x576.jpg 768w, https:\/\/guiadepetropolis.com.br\/petropolis\/wp-content\/uploads\/2019\/08\/catedral2-1024x768.jpg 1024w\" sizes=\"auto, (max-width: 1280px) 100vw, 1280px\" \/><\/p>\n<div class=\"su-note\"  style=\"border-color:#dfdfdf;border-radius:3px;-moz-border-radius:3px;-webkit-border-radius:3px;\"><div class=\"su-note-inner su-u-clearfix su-u-trim\" style=\"background-color:#f9f9f9;border-color:#ffffff;color:#333333;border-radius:3px;-moz-border-radius:3px;-webkit-border-radius:3px;\">\n<p><strong>Visitas<\/strong>: Diariamente, 8h \u00e0s 18h.<br \/>\n<strong>Telefone<\/strong>: (24) 2242-4300<br \/>\n<strong>Endere\u00e7o: <\/strong><a href=\"https:\/\/goo.gl\/maps\/KntnWHABUpU6cKwQA\">Rua S\u00e3o Pedro de Alc\u00e2ntara, 60 \u2013 Centro<\/a><br \/>\n<strong>Ingresso<\/strong>: Entrada franca<br \/>\n<strong>Site:<\/strong> <a href=\"http:\/\/www.catedraldepetropolis.org.br\/\" target=\"_blank\" rel=\"noopener noreferrer\">http:\/\/www.catedraldepetropolis.org.br\/<\/a><\/p>\n<hr \/>\n<p><em>Pre\u00e7os e hor\u00e1rios podem sofrer atualiza\u00e7\u00f5es. Recomendamos confirmar com a atra\u00e7\u00e3o ou no<a href=\"http:\/\/www.petropolis.rj.gov.br\/\" target=\"_blank\" rel=\"noopener noreferrer\"> site da Prefeitura de Petr\u00f3polis.<\/a><\/em><\/p>\n<\/div><\/div>\n<hr \/>\n<p><strong>Informa\u00e7\u00f5es hist\u00f3ricas<\/strong>: Em estilo neog\u00f3tico franc\u00eas do s\u00e9culo XVIII, a Catedral S]ao Pedro de Alc\u00e2ntara, em seu interior, re\u00fane obras esculpidas em m\u00e1rmore de Carrara, destacando-se a Capela Imperial que est\u00e1 situada \u00e0 direita na entrada principal da Catedral, em m\u00e1rmore, \u00f4nix e bronze onde est\u00e1 o sepulcro com rel\u00edquias dos Santos M\u00e1rtires, S\u00e3o Magno, Santa Aur\u00e9lia e Santa Thecla.<br \/>\nAinda podem ser vistos pertences e fragmentos de s\u00edtios caros a D. Pedro II, como por exemplo a cruz central, que \u00e9 de granito preto da Tijuca.<br \/>\nNo centro da capela est\u00e1 a l\u00e1pide de m\u00e1rmore de Carrara, pesando quase tr\u00eas toneladas, com as est\u00e1tuas jacentes do Imperador D. Pedro II e Dona Teresa Cristina. Ao fundo, nas laterais, as est\u00e1tuas jacentes da Princesa Isabel e do Conde D\u2019Eu.<br \/>\nEm frente \u00e0 Capela Imperial encontra-se o batist\u00e9rio com a pia batismal proveniente da antiga Igreja Matriz (1848). O padroeiro da igreja \u00e9 S\u00e3o Pedro de Alc\u00e2ntara, venerado como protetor da monarquia, institu\u00eddo por D. Pedro I como patrono do Imp\u00e9rio Brasileiro. Sua festa \u00e9 celebrada no dia 19 de outubro e n\u00e3o deve ser confundida com a de S\u00e3o Pedro Ap\u00f3stolo, festejado no dia 29 de junho.<br \/>\nAjustado aos pilares de eleva\u00e7\u00e3o da torre acha-se o \u00f3rg\u00e3o projetado e constru\u00eddo no Rio de Janeiro pelo artista Guilherme Berner (introdutor da ind\u00fastria do \u00f3rg\u00e3o no Brasil). Foi doa\u00e7\u00e3o feita pela Sra. Olga Rheingantz de Porci\u00fancula. funciona por sistema eletropneum\u00e1tico e \u00e9 acionado por um grupo motor-ventilador-d\u00ednamo de 2HP. Todo mobili\u00e1rio do templo \u00e9 de \u00e9poca, trabalhado a m\u00e3o em jacarand\u00e1. Em frente a Capela Imperial encontra-se o batist\u00e9rio. A simples pia batismal \u00e9 proveniente da antiga Igreja Matriz (1848). O tampo de bronze \u00e9 moderno (1934), j\u00e1 que o original no transporte para a nova igreja caiu e quebrou. Ao lado do batist\u00e9rio h\u00e1 uma imagem de Santo Ant\u00f4nio dos Pobres, esculpida por Denis Cross.<br \/>\nO padroeiro escolhido para a Catedral foi S\u00e3o Pedro de Alc\u00e2ntara, venerado como protetor da monarquia e que fora institu\u00eddo como patrono oficial do Imp\u00e9rio Brasileiro por D. Pedro I. Sua festa \u00e9 celebrada no dia 19 de outubro e ele n\u00e3o deve ser confundido com S\u00e3o Pedro Ap\u00f3stolo, festejado no dia 29 de junho.<\/p>\n\t\t<div id=\"instagram-gallery-feed-6\" class=\"instagram-gallery-feed\" data-feed=\"{&quot;id&quot;:6,&quot;account_id&quot;:&quot;13320088191&quot;,&quot;source&quot;:&quot;tag&quot;,&quot;tag&quot;:&quot;GuiadePetropolis_CatedralDePetropolis&quot;,&quot;order_by&quot;:&quot;top_media&quot;,&quot;layout&quot;:&quot;gallery&quot;,&quot;limit&quot;:33,&quot;columns&quot;:3,&quot;spacing&quot;:10,&quot;lazy&quot;:false,&quot;responsive&quot;:{&quot;desktop&quot;:{&quot;columns&quot;:3,&quot;spacing&quot;:10},&quot;tablet&quot;:{&quot;columns&quot;:2,&quot;spacing&quot;:8},&quot;mobile&quot;:{&quot;columns&quot;:1,&quot;spacing&quot;:6},&quot;breakpoints&quot;:{&quot;tablet&quot;:768,&quot;mobile&quot;:480}},&quot;aspect_ratio&quot;:{&quot;width&quot;:1,&quot;height&quot;:1},&quot;highlight&quot;:{&quot;tag&quot;:&quot;&quot;,&quot;id&quot;:&quot;&quot;,&quot;position&quot;:&quot;&quot;},&quot;reel&quot;:{&quot;hide&quot;:false},&quot;copyright&quot;:{&quot;hide&quot;:false,&quot;placeholder&quot;:&quot;&quot;},&quot;profile&quot;:{&quot;display&quot;:false,&quot;username&quot;:&quot;&quot;,&quot;nickname&quot;:&quot;&quot;,&quot;website&quot;:&quot;&quot;,&quot;biography&quot;:&quot;&quot;,&quot;link_text&quot;:&quot;Follow&quot;,&quot;website_text&quot;:&quot;Website&quot;,&quot;avatar&quot;:&quot;&quot;},&quot;box&quot;:{&quot;display&quot;:false,&quot;padding&quot;:1,&quot;radius&quot;:0,&quot;background&quot;:&quot;#fefefe&quot;,&quot;profile&quot;:false,&quot;desc&quot;:&quot;&quot;,&quot;text_color&quot;:&quot;#000000&quot;},&quot;mask&quot;:{&quot;display&quot;:true,&quot;background&quot;:&quot;&quot;,&quot;icon_color&quot;:&quot;#ffffff&quot;,&quot;likes_count&quot;:true,&quot;comments_count&quot;:true},&quot;card&quot;:{&quot;display&quot;:false,&quot;radius&quot;:1,&quot;font_size&quot;:12,&quot;background&quot;:&quot;#ffffff&quot;,&quot;background_hover&quot;:&quot;&quot;,&quot;text_color&quot;:&quot;#000000&quot;,&quot;padding&quot;:5,&quot;likes_count&quot;:true,&quot;text_length&quot;:10,&quot;comments_count&quot;:true,&quot;text_align&quot;:&quot;left&quot;},&quot;carousel&quot;:{&quot;centered_slides&quot;:false,&quot;autoplay&quot;:true,&quot;autoplay_interval&quot;:3000,&quot;navarrows&quot;:true,&quot;navarrows_color&quot;:&quot;&quot;,&quot;pagination&quot;:true,&quot;pagination_color&quot;:&quot;&quot;},&quot;modal&quot;:{&quot;display&quot;:true,&quot;profile&quot;:false,&quot;media_description&quot;:true,&quot;likes_count&quot;:true,&quot;comments_count&quot;:true,&quot;comments_list&quot;:false,&quot;text_align&quot;:&quot;left&quot;,&quot;modal_align&quot;:&quot;right&quot;,&quot;text_length&quot;:10000,&quot;font_size&quot;:12},&quot;button&quot;:{&quot;display&quot;:true,&quot;text&quot;:&quot;Ver + no Instagram&quot;,&quot;text_color&quot;:&quot;#ffff&quot;,&quot;background&quot;:&quot;&quot;,&quot;background_hover&quot;:&quot;&quot;},&quot;button_load&quot;:{&quot;display&quot;:false,&quot;text&quot;:&quot;Load more...&quot;,&quot;text_color&quot;:&quot;#ffff&quot;,&quot;background&quot;:&quot;&quot;,&quot;background_hover&quot;:&quot;&quot;}}\">\n\t\t<!-- <FeedContainer\/> -->\n\t\t<\/div>\n\t\t\n<hr \/>\n<p><a href=\"https:\/\/guiadepetropolis.com.br\/petropolis\/contato\/\">Mais informa\u00e7\u00f5es? Clique e fale conosco!<\/a><\/p>\n<div id=\"guiad-1589688110\" class=\"guiad-depois-do-conteudo guiad-entity-placement\"><a href=\"http:\/\/edirefilho.com.br\/transportes\/\" target=\"_blank\" aria-label=\"Edir e Filho Mudan\u00e7as e Fretes - Em Petr\u00f3polis e para todo Brasil\"><img loading=\"lazy\" decoding=\"async\" src=\"https:\/\/guiadepetropolis.com.br\/petropolis\/wp-content\/uploads\/2019\/04\/2020-1.jpg\" alt=\"Edir e Filho Mudan\u00e7as e Fretes - Em Petr\u00f3polis e para todo Brasil\"  srcset=\"https:\/\/guiadepetropolis.com.br\/petropolis\/wp-content\/uploads\/2019\/04\/2020-1.jpg 900w, https:\/\/guiadepetropolis.com.br\/petropolis\/wp-content\/uploads\/2019\/04\/2020-1-300x100.jpg 300w, https:\/\/guiadepetropolis.com.br\/petropolis\/wp-content\/uploads\/2019\/04\/2020-1-768x256.jpg 768w\" sizes=\"(max-width: 900px) 100vw, 900px\" width=\"900\" height=\"300\"   \/><\/a><\/div>","protected":false},"excerpt":{"rendered":"<p>Informa\u00e7\u00f5es hist\u00f3ricas: Em estilo neog\u00f3tico franc\u00eas do s\u00e9culo XVIII, a Catedral S]ao Pedro de Alc\u00e2ntara, em seu interior, re\u00fane obras esculpidas em m\u00e1rmore de Carrara, destacando-se a Capela Imperial que est\u00e1 situada \u00e0 direita na entrada principal da Catedral, em m\u00e1rmore, \u00f4nix e bronze onde est\u00e1 o sepulcro com rel\u00edquias dos Santos M\u00e1rtires, S\u00e3o Magno,&#8230;<\/p>\n","protected":false},"author":1,"featured_media":0,"parent":0,"menu_order":0,"comment_status":"closed","ping_status":"closed","template":"","meta":{"footnotes":"","_links_to":"","_links_to_target":""},"class_list":["post-282","page","type-page","status-publish","hentry"],"_links":{"self":[{"href":"https:\/\/guiadepetropolis.com.br\/petropolis\/wp-json\/wp\/v2\/pages\/282","targetHints":{"allow":["GET"]}}],"collection":[{"href":"https:\/\/guiadepetropolis.com.br\/petropolis\/wp-json\/wp\/v2\/pages"}],"about":[{"href":"https:\/\/guiadepetropolis.com.br\/petropolis\/wp-json\/wp\/v2\/types\/page"}],"author":[{"embeddable":true,"href":"https:\/\/guiadepetropolis.com.br\/petropolis\/wp-json\/wp\/v2\/users\/1"}],"replies":[{"embeddable":true,"href":"https:\/\/guiadepetropolis.com.br\/petropolis\/wp-json\/wp\/v2\/comments?post=282"}],"version-history":[{"count":4,"href":"https:\/\/guiadepetropolis.com.br\/petropolis\/wp-json\/wp\/v2\/pages\/282\/revisions"}],"predecessor-version":[{"id":1024,"href":"https:\/\/guiadepetropolis.com.br\/petropolis\/wp-json\/wp\/v2\/pages\/282\/revisions\/1024"}],"wp:attachment":[{"href":"https:\/\/guiadepetropolis.com.br\/petropolis\/wp-json\/wp\/v2\/media?parent=282"}],"curies":[{"name":"wp","href":"https:\/\/api.w.org\/{rel}","templated":true}]}}

Catedral São Pedro de Alcântara

<div id="guiad-2152770423" class="guiad-antes-do-conteudo_3 guiad-entity-placement"><script async src="//pagead2.googlesyndication.com/pagead/js/adsbygoogle.js?client=ca-pub-1045376883326522" crossorigin="anonymous"></script><ins class="adsbygoogle" style="display:block;" data-ad-client="ca-pub-1045376883326522" 
data-ad-slot="" 
data-ad-format="autorelaxed"></ins>
<script> 
(adsbygoogle = window.adsbygoogle || []).push({}); 
</script>
</div><br style="clear: both; display: block; float: none;"/><div id="guiad-813549555" class="guiad-antes-do-conteudo_2 guiad-entity-placement"><script async src="//pagead2.googlesyndication.com/pagead/js/adsbygoogle.js?client=ca-pub-1045376883326522" crossorigin="anonymous"></script><ins class="adsbygoogle" style="display:block;" data-ad-client="ca-pub-1045376883326522" 
data-ad-slot="" 
data-ad-format="autorelaxed"></ins>
<script> 
(adsbygoogle = window.adsbygoogle || []).push({}); 
</script>
</div><br style="clear: both; display: block; float: none;"/><div class="guiad-antes-do-conteudo guiad-entity-placement" id="guiad-37678310"><div id="3854085266"><script async src="//pagead2.googlesyndication.com/pagead/js/adsbygoogle.js?client=ca-pub-1045376883326522" crossorigin="anonymous"></script><ins class="adsbygoogle" style="display:block;" data-ad-client="ca-pub-1045376883326522" 
data-ad-slot="3854085266" 
data-ad-format="autorelaxed"></ins>
<script> 
(adsbygoogle = window.adsbygoogle || []).push({}); 
</script>
</div></div><p><img loading="lazy" decoding="async" class="aligncenter wp-image-1021 size-full" src="https://guiadepetropolis.com.br/petropolis/wp-content/uploads/2019/08/catedral2.jpg" alt="Catedral De Petrópolis" width="1280" height="960" srcset="https://guiadepetropolis.com.br/petropolis/wp-content/uploads/2019/08/catedral2.jpg 1280w, https://guiadepetropolis.com.br/petropolis/wp-content/uploads/2019/08/catedral2-300x225.jpg 300w, https://guiadepetropolis.com.br/petropolis/wp-content/uploads/2019/08/catedral2-768x576.jpg 768w, https://guiadepetropolis.com.br/petropolis/wp-content/uploads/2019/08/catedral2-1024x768.jpg 1024w" sizes="auto, (max-width: 1280px) 100vw, 1280px" /></p>
<div class="su-note"  style="border-color:#dfdfdf;border-radius:3px;-moz-border-radius:3px;-webkit-border-radius:3px;"><div class="su-note-inner su-u-clearfix su-u-trim" style="background-color:#f9f9f9;border-color:#ffffff;color:#333333;border-radius:3px;-moz-border-radius:3px;-webkit-border-radius:3px;">
<p><strong>Visitas</strong>: Diariamente, 8h às 18h.<br />
<strong>Telefone</strong>: (24) 2242-4300<br />
<strong>Endereço: </strong><a href="https://goo.gl/maps/KntnWHABUpU6cKwQA">Rua São Pedro de Alcântara, 60 – Centro</a><br />
<strong>Ingresso</strong>: Entrada franca<br />
<strong>Site:</strong> <a href="http://www.catedraldepetropolis.org.br/" target="_blank" rel="noopener noreferrer">http://www.catedraldepetropolis.org.br/</a></p>
<hr />
<p><em>Preços e horários podem sofrer atualizações. Recomendamos confirmar com a atração ou no<a href="http://www.petropolis.rj.gov.br/" target="_blank" rel="noopener noreferrer"> site da Prefeitura de Petrópolis.</a></em></p>
</div></div>
<hr />
<p><strong>Informações históricas</strong>: Em estilo neogótico francês do século XVIII, a Catedral S]ao Pedro de Alcântara, em seu interior, reúne obras esculpidas em mármore de Carrara, destacando-se a Capela Imperial que está situada à direita na entrada principal da Catedral, em mármore, ônix e bronze onde está o sepulcro com relíquias dos Santos Mártires, São Magno, Santa Aurélia e Santa Thecla.<br />
Ainda podem ser vistos pertences e fragmentos de sítios caros a D. Pedro II, como por exemplo a cruz central, que é de granito preto da Tijuca.<br />
No centro da capela está a lápide de mármore de Carrara, pesando quase três toneladas, com as estátuas jacentes do Imperador D. Pedro II e Dona Teresa Cristina. Ao fundo, nas laterais, as estátuas jacentes da Princesa Isabel e do Conde D’Eu.<br />
Em frente à Capela Imperial encontra-se o batistério com a pia batismal proveniente da antiga Igreja Matriz (1848). O padroeiro da igreja é São Pedro de Alcântara, venerado como protetor da monarquia, instituído por D. Pedro I como patrono do Império Brasileiro. Sua festa é celebrada no dia 19 de outubro e não deve ser confundida com a de São Pedro Apóstolo, festejado no dia 29 de junho.<br />
Ajustado aos pilares de elevação da torre acha-se o órgão projetado e construído no Rio de Janeiro pelo artista Guilherme Berner (introdutor da indústria do órgão no Brasil). Foi doação feita pela Sra. Olga Rheingantz de Porciúncula. funciona por sistema eletropneumático e é acionado por um grupo motor-ventilador-dínamo de 2HP. Todo mobiliário do templo é de época, trabalhado a mão em jacarandá. Em frente a Capela Imperial encontra-se o batistério. A simples pia batismal é proveniente da antiga Igreja Matriz (1848). O tampo de bronze é moderno (1934), já que o original no transporte para a nova igreja caiu e quebrou. Ao lado do batistério há uma imagem de Santo Antônio dos Pobres, esculpida por Denis Cross.<br />
O padroeiro escolhido para a Catedral foi São Pedro de Alcântara, venerado como protetor da monarquia e que fora instituído como patrono oficial do Império Brasileiro por D. Pedro I. Sua festa é celebrada no dia 19 de outubro e ele não deve ser confundido com São Pedro Apóstolo, festejado no dia 29 de junho.</p>
		<div id="instagram-gallery-feed-6" class="instagram-gallery-feed" data-feed="{&quot;id&quot;:6,&quot;account_id&quot;:&quot;13320088191&quot;,&quot;source&quot;:&quot;tag&quot;,&quot;tag&quot;:&quot;GuiadePetropolis_CatedralDePetropolis&quot;,&quot;order_by&quot;:&quot;top_media&quot;,&quot;layout&quot;:&quot;gallery&quot;,&quot;limit&quot;:33,&quot;columns&quot;:3,&quot;spacing&quot;:10,&quot;lazy&quot;:false,&quot;responsive&quot;:{&quot;desktop&quot;:{&quot;columns&quot;:3,&quot;spacing&quot;:10},&quot;tablet&quot;:{&quot;columns&quot;:2,&quot;spacing&quot;:8},&quot;mobile&quot;:{&quot;columns&quot;:1,&quot;spacing&quot;:6},&quot;breakpoints&quot;:{&quot;tablet&quot;:768,&quot;mobile&quot;:480}},&quot;aspect_ratio&quot;:{&quot;width&quot;:1,&quot;height&quot;:1},&quot;highlight&quot;:{&quot;tag&quot;:&quot;&quot;,&quot;id&quot;:&quot;&quot;,&quot;position&quot;:&quot;&quot;},&quot;reel&quot;:{&quot;hide&quot;:false},&quot;copyright&quot;:{&quot;hide&quot;:false,&quot;placeholder&quot;:&quot;&quot;},&quot;profile&quot;:{&quot;display&quot;:false,&quot;username&quot;:&quot;&quot;,&quot;nickname&quot;:&quot;&quot;,&quot;website&quot;:&quot;&quot;,&quot;biography&quot;:&quot;&quot;,&quot;link_text&quot;:&quot;Follow&quot;,&quot;website_text&quot;:&quot;Website&quot;,&quot;avatar&quot;:&quot;&quot;},&quot;box&quot;:{&quot;display&quot;:false,&quot;padding&quot;:1,&quot;radius&quot;:0,&quot;background&quot;:&quot;#fefefe&quot;,&quot;profile&quot;:false,&quot;desc&quot;:&quot;&quot;,&quot;text_color&quot;:&quot;#000000&quot;},&quot;mask&quot;:{&quot;display&quot;:true,&quot;background&quot;:&quot;&quot;,&quot;icon_color&quot;:&quot;#ffffff&quot;,&quot;likes_count&quot;:true,&quot;comments_count&quot;:true},&quot;card&quot;:{&quot;display&quot;:false,&quot;radius&quot;:1,&quot;font_size&quot;:12,&quot;background&quot;:&quot;#ffffff&quot;,&quot;background_hover&quot;:&quot;&quot;,&quot;text_color&quot;:&quot;#000000&quot;,&quot;padding&quot;:5,&quot;likes_count&quot;:true,&quot;text_length&quot;:10,&quot;comments_count&quot;:true,&quot;text_align&quot;:&quot;left&quot;},&quot;carousel&quot;:{&quot;centered_slides&quot;:false,&quot;autoplay&quot;:true,&quot;autoplay_interval&quot;:3000,&quot;navarrows&quot;:true,&quot;navarrows_color&quot;:&quot;&quot;,&quot;pagination&quot;:true,&quot;pagination_color&quot;:&quot;&quot;},&quot;modal&quot;:{&quot;display&quot;:true,&quot;profile&quot;:false,&quot;media_description&quot;:true,&quot;likes_count&quot;:true,&quot;comments_count&quot;:true,&quot;comments_list&quot;:false,&quot;text_align&quot;:&quot;left&quot;,&quot;modal_align&quot;:&quot;right&quot;,&quot;text_length&quot;:10000,&quot;font_size&quot;:12},&quot;button&quot;:{&quot;display&quot;:true,&quot;text&quot;:&quot;Ver + no Instagram&quot;,&quot;text_color&quot;:&quot;#ffff&quot;,&quot;background&quot;:&quot;&quot;,&quot;background_hover&quot;:&quot;&quot;},&quot;button_load&quot;:{&quot;display&quot;:false,&quot;text&quot;:&quot;Load more...&quot;,&quot;text_color&quot;:&quot;#ffff&quot;,&quot;background&quot;:&quot;&quot;,&quot;background_hover&quot;:&quot;&quot;}}">
		<!-- <FeedContainer/> -->
		</div>
		
<hr />
<p><a href="https://guiadepetropolis.com.br/petropolis/contato/">Mais informações? Clique e fale conosco!</a></p>
<div id="guiad-1589688110" class="guiad-depois-do-conteudo guiad-entity-placement"><a href="http://edirefilho.com.br/transportes/" target="_blank" aria-label="Edir e Filho Mudanças e Fretes - Em Petrópolis e para todo Brasil"><img loading="lazy" decoding="async" src="https://guiadepetropolis.com.br/petropolis/wp-content/uploads/2019/04/2020-1.jpg" alt="Edir e Filho Mudanças e Fretes - Em Petrópolis e para todo Brasil"  srcset="https://guiadepetropolis.com.br/petropolis/wp-content/uploads/2019/04/2020-1.jpg 900w, https://guiadepetropolis.com.br/petropolis/wp-content/uploads/2019/04/2020-1-300x100.jpg 300w, https://guiadepetropolis.com.br/petropolis/wp-content/uploads/2019/04/2020-1-768x256.jpg 768w" sizes="(max-width: 900px) 100vw, 900px" width="900" height="300"   /></a></div>

<p>Informações históricas: Em estilo neogótico francês do século XVIII, a Catedral S]ao Pedro de Alcântara, em seu interior, reúne obras esculpidas em mármore de Carrara, destacando-se a Capela Imperial que está situada à direita na entrada principal da Catedral, em mármore, ônix e bronze onde está o sepulcro com relíquias dos Santos Mártires, São Magno,&#8230;</p>
