{"id":309,"date":"2019-05-03T10:26:18","date_gmt":"2019-05-03T13:26:18","guid":{"rendered":"https:\/\/guiadepetropolis.com.br\/petropolis\/?page_id=309"},"modified":"2019-08-19T16:52:44","modified_gmt":"2019-08-19T19:52:44","slug":"palacio-amarelo-em-petropolis","status":"publish","type":"page","link":"https:\/\/guiadepetropolis.com.br\/petropolis\/palacio-amarelo-em-petropolis\/","title":{"rendered":"Pal\u00e1cio Amarelo em Petr\u00f3polis"},"content":{"rendered":"<div id=\"guiad-2259706948\" class=\"guiad-antes-do-conteudo_3 guiad-entity-placement\"><script async src=\"\/\/pagead2.googlesyndication.com\/pagead\/js\/adsbygoogle.js?client=ca-pub-1045376883326522\" crossorigin=\"anonymous\"><\/script><ins class=\"adsbygoogle\" style=\"display:block;\" data-ad-client=\"ca-pub-1045376883326522\" \ndata-ad-slot=\"\" \ndata-ad-format=\"autorelaxed\"><\/ins>\n<script> \n(adsbygoogle = window.adsbygoogle || []).push({}); \n<\/script>\n<\/div><br style=\"clear: both; display: block; float: none;\"\/><div id=\"guiad-4044633207\" class=\"guiad-antes-do-conteudo_2 guiad-entity-placement\"><script async src=\"\/\/pagead2.googlesyndication.com\/pagead\/js\/adsbygoogle.js?client=ca-pub-1045376883326522\" crossorigin=\"anonymous\"><\/script><ins class=\"adsbygoogle\" style=\"display:block;\" data-ad-client=\"ca-pub-1045376883326522\" \ndata-ad-slot=\"\" \ndata-ad-format=\"autorelaxed\"><\/ins>\n<script> \n(adsbygoogle = window.adsbygoogle || []).push({}); \n<\/script>\n<\/div><br style=\"clear: both; display: block; float: none;\"\/><div class=\"guiad-antes-do-conteudo guiad-entity-placement\" id=\"guiad-146977119\"><div id=\"guiad-2983550269\"><script async src=\"\/\/pagead2.googlesyndication.com\/pagead\/js\/adsbygoogle.js?client=ca-pub-1045376883326522\" crossorigin=\"anonymous\"><\/script><ins class=\"adsbygoogle\" style=\"display:block;\" data-ad-client=\"ca-pub-1045376883326522\" \ndata-ad-slot=\"3035827614\" \ndata-ad-format=\"autorelaxed\"><\/ins>\n<script> \n(adsbygoogle = window.adsbygoogle || []).push({}); \n<\/script>\n<\/div><\/div><p><img loading=\"lazy\" decoding=\"async\" class=\"aligncenter wp-image-1045 size-full\" src=\"https:\/\/guiadepetropolis.com.br\/petropolis\/wp-content\/uploads\/2019\/08\/amarelo.jpg\" alt=\"Pal\u00e1cio Amarelo\" width=\"996\" height=\"720\" srcset=\"https:\/\/guiadepetropolis.com.br\/petropolis\/wp-content\/uploads\/2019\/08\/amarelo.jpg 996w, https:\/\/guiadepetropolis.com.br\/petropolis\/wp-content\/uploads\/2019\/08\/amarelo-300x217.jpg 300w, https:\/\/guiadepetropolis.com.br\/petropolis\/wp-content\/uploads\/2019\/08\/amarelo-768x555.jpg 768w, https:\/\/guiadepetropolis.com.br\/petropolis\/wp-content\/uploads\/2019\/08\/amarelo-360x261.jpg 360w\" sizes=\"auto, (max-width: 996px) 100vw, 996px\" \/><\/p>\n<div class=\"su-note\"  style=\"border-color:#dfdfdf;border-radius:3px;-moz-border-radius:3px;-webkit-border-radius:3px;\"><div class=\"su-note-inner su-u-clearfix su-u-trim\" style=\"background-color:#f9f9f9;border-color:#ffffff;color:#333333;border-radius:3px;-moz-border-radius:3px;-webkit-border-radius:3px;\">\n<p><strong>Endere\u00e7o<\/strong>: <a href=\"https:\/\/goo.gl\/maps\/QPk5WmksLSBtxZ9V6\" target=\"_blank\" rel=\"noopener noreferrer\">Pra\u00e7a Visconde de Mau\u00e1, 89 \u2013 Centro<\/a><br \/>\n<strong>Telefone<\/strong>: (24) 2291-9200<br \/>\n<strong>Visita\u00e7\u00e3o<\/strong>: diariamente, 10h \u00e0s 17h<br \/>\n<strong>Ingressos: <\/strong>entrada franca.<br \/>\nSite: <a href=\"http:\/\/www.cmp.rj.gov.br\/\" target=\"_blank\" rel=\"noopener noreferrer\">http:\/\/www.cmp.rj.gov.br\/<\/a><\/p>\n<p><em>Pre\u00e7os e hor\u00e1rios podem sofrer atualiza\u00e7\u00f5es. Recomendamos confirmar com a atra\u00e7\u00e3o ou no<a href=\"http:\/\/www.petropolis.rj.gov.br\/\" target=\"_blank\" rel=\"noopener noreferrer\"> site da Prefeitura de Petr\u00f3polis<\/a>.<\/em><\/p>\n\t\t<div id=\"instagram-gallery-feed-11\" class=\"instagram-gallery-feed\" data-feed=\"{&quot;id&quot;:11,&quot;account_id&quot;:&quot;13320088191&quot;,&quot;source&quot;:&quot;tag&quot;,&quot;tag&quot;:&quot;GuiadePetropolis_PalacioAmareloPetropolis&quot;,&quot;order_by&quot;:&quot;top_media&quot;,&quot;layout&quot;:&quot;gallery&quot;,&quot;limit&quot;:12,&quot;columns&quot;:3,&quot;spacing&quot;:10,&quot;lazy&quot;:false,&quot;responsive&quot;:{&quot;desktop&quot;:{&quot;columns&quot;:3,&quot;spacing&quot;:10},&quot;tablet&quot;:{&quot;columns&quot;:2,&quot;spacing&quot;:8},&quot;mobile&quot;:{&quot;columns&quot;:1,&quot;spacing&quot;:6},&quot;breakpoints&quot;:{&quot;tablet&quot;:768,&quot;mobile&quot;:480}},&quot;aspect_ratio&quot;:{&quot;width&quot;:1,&quot;height&quot;:1},&quot;highlight&quot;:{&quot;tag&quot;:&quot;&quot;,&quot;id&quot;:&quot;&quot;,&quot;position&quot;:&quot;&quot;},&quot;reel&quot;:{&quot;hide&quot;:false},&quot;copyright&quot;:{&quot;hide&quot;:false,&quot;placeholder&quot;:&quot;&quot;},&quot;profile&quot;:{&quot;display&quot;:false,&quot;username&quot;:&quot;&quot;,&quot;nickname&quot;:&quot;&quot;,&quot;website&quot;:&quot;&quot;,&quot;biography&quot;:&quot;&quot;,&quot;link_text&quot;:&quot;Follow&quot;,&quot;website_text&quot;:&quot;Website&quot;,&quot;avatar&quot;:&quot;&quot;},&quot;box&quot;:{&quot;display&quot;:false,&quot;padding&quot;:1,&quot;radius&quot;:0,&quot;background&quot;:&quot;#fefefe&quot;,&quot;profile&quot;:false,&quot;desc&quot;:&quot;&quot;,&quot;text_color&quot;:&quot;#000000&quot;},&quot;mask&quot;:{&quot;display&quot;:true,&quot;background&quot;:&quot;&quot;,&quot;icon_color&quot;:&quot;#ffffff&quot;,&quot;likes_count&quot;:true,&quot;comments_count&quot;:true},&quot;card&quot;:{&quot;display&quot;:false,&quot;radius&quot;:1,&quot;font_size&quot;:12,&quot;background&quot;:&quot;#ffffff&quot;,&quot;background_hover&quot;:&quot;&quot;,&quot;text_color&quot;:&quot;#000000&quot;,&quot;padding&quot;:5,&quot;likes_count&quot;:true,&quot;text_length&quot;:10,&quot;comments_count&quot;:true,&quot;text_align&quot;:&quot;left&quot;},&quot;carousel&quot;:{&quot;centered_slides&quot;:false,&quot;autoplay&quot;:true,&quot;autoplay_interval&quot;:3000,&quot;navarrows&quot;:true,&quot;navarrows_color&quot;:&quot;&quot;,&quot;pagination&quot;:true,&quot;pagination_color&quot;:&quot;&quot;},&quot;modal&quot;:{&quot;display&quot;:true,&quot;profile&quot;:false,&quot;media_description&quot;:true,&quot;likes_count&quot;:true,&quot;comments_count&quot;:true,&quot;comments_list&quot;:false,&quot;text_align&quot;:&quot;left&quot;,&quot;modal_align&quot;:&quot;right&quot;,&quot;text_length&quot;:10000,&quot;font_size&quot;:12},&quot;button&quot;:{&quot;display&quot;:true,&quot;text&quot;:&quot;Ver + no Instagram&quot;,&quot;text_color&quot;:&quot;#ffff&quot;,&quot;background&quot;:&quot;&quot;,&quot;background_hover&quot;:&quot;&quot;},&quot;button_load&quot;:{&quot;display&quot;:false,&quot;text&quot;:&quot;Load more...&quot;,&quot;text_color&quot;:&quot;#ffff&quot;,&quot;background&quot;:&quot;&quot;,&quot;background_hover&quot;:&quot;&quot;}}\">\n\t\t<!-- <FeedContainer\/> -->\n\t\t<\/div>\n\t\t\n<\/div><\/div>\n<hr \/>\n<p><strong>Informa\u00e7\u00f5es hist\u00f3ricas<\/strong>: a\u00a0primeira constru\u00e7\u00e3o no local onde hoje se ergue o Pal\u00e1cio Amarelo data de 1850. Jos\u00e9 Carlos Mayrink da Silva Ferr\u00e3o ergueu o solar, cujo o aspecto lamentavelmente \u00e9 desconhecido.<\/p>\n<p>Em 14 de fevereiro de 1891, foi vendido a Francisco Paulo de Almeida, o Bar\u00e3o de Guaraciaba.<\/p>\n<p>O Bar\u00e3o come\u00e7ou, ent\u00e3o a sofrer uma press\u00e3o incomensur\u00e1vel para vender o pr\u00e9dio. A C\u00e2mara, para desaloj\u00e1-lo, autorizou a instala\u00e7\u00e3o na pra\u00e7a de um mercado p\u00fablico. Como nada disso deu certo, a C\u00e2mara resolveu ent\u00e3o em 1894, construir um pr\u00e9dio exatamente na pra\u00e7a. E o Bar\u00e3o se deu por vencido. A escritura foi assinada em 05 de julho.<\/p>\n<p>As obras de adapta\u00e7\u00e3o do pr\u00e9dio s\u00f3 terminaram em junho de 1897, muito embora desde 31 de janeiro a C\u00e2mara j\u00e1 funcionasse no seu novo endere\u00e7o. O autor do projeto provavelmente \u00e9 Harald Bodtker, cuja a personalidade era completamente desconhecida.<\/p>\n<p>A parte mais famosa \u00e9 a decora\u00e7\u00e3o da sala das sess\u00f5es, considerada como a mais bela do g\u00eanero, \u00e9 chamada de Sal\u00e3o Hermog\u00eanio Silva. O seu decorador foi o tamb\u00e9m escultor Henrique Levy, assim como os tetos do vest\u00edbulo e do Sal\u00e3o Nobre foram pintados por Jos\u00e9 Huss.<\/p>\n<p>Atualmente funciona como a sede da C\u00e2mara Municipal de Petr\u00f3polis.<\/p>\n<p>Na parte exterior, em sua pra\u00e7a, o chafariz da \u00e1guia foi constru\u00eddo em 1899 por Heitor Levy e ajardinada em 1897 por Carlos J\u00falio Mayer e o projeto alterado em 1944 por Burle Marx. O seu aspecto atual j\u00e1 sofreu algumas adapta\u00e7\u00f5es.<\/p>\n<hr \/>\n<p><a href=\"https:\/\/guiadepetropolis.com.br\/petropolis\/contato\/\">Mais informa\u00e7\u00f5es? Clique e fale conosco!<\/a><\/p>\n<div id=\"guiad-1083960985\" class=\"guiad-depois-do-conteudo guiad-entity-placement\"><a href=\"http:\/\/edirefilho.com.br\/transportes\/\" target=\"_blank\" aria-label=\"Edir e Filho Mudan\u00e7as e Fretes - Em Petr\u00f3polis e para todo Brasil\"><img loading=\"lazy\" decoding=\"async\" src=\"https:\/\/guiadepetropolis.com.br\/petropolis\/wp-content\/uploads\/2019\/04\/2020-1.jpg\" alt=\"Edir e Filho Mudan\u00e7as e Fretes - Em Petr\u00f3polis e para todo Brasil\"  srcset=\"https:\/\/guiadepetropolis.com.br\/petropolis\/wp-content\/uploads\/2019\/04\/2020-1.jpg 900w, https:\/\/guiadepetropolis.com.br\/petropolis\/wp-content\/uploads\/2019\/04\/2020-1-300x100.jpg 300w, https:\/\/guiadepetropolis.com.br\/petropolis\/wp-content\/uploads\/2019\/04\/2020-1-768x256.jpg 768w\" sizes=\"(max-width: 900px) 100vw, 900px\" width=\"900\" height=\"300\"   \/><\/a><\/div>","protected":false},"excerpt":{"rendered":"<p>Informa\u00e7\u00f5es hist\u00f3ricas: a\u00a0primeira constru\u00e7\u00e3o no local onde hoje se ergue o Pal\u00e1cio Amarelo data de 1850. Jos\u00e9 Carlos Mayrink da Silva Ferr\u00e3o ergueu o solar, cujo o aspecto lamentavelmente \u00e9 desconhecido. Em 14 de fevereiro de 1891, foi vendido a Francisco Paulo de Almeida, o Bar\u00e3o de Guaraciaba. O Bar\u00e3o come\u00e7ou, ent\u00e3o a sofrer uma&#8230;<\/p>\n","protected":false},"author":1,"featured_media":0,"parent":0,"menu_order":0,"comment_status":"closed","ping_status":"closed","template":"","meta":{"footnotes":"","_links_to":"","_links_to_target":""},"class_list":["post-309","page","type-page","status-publish","hentry"],"_links":{"self":[{"href":"https:\/\/guiadepetropolis.com.br\/petropolis\/wp-json\/wp\/v2\/pages\/309","targetHints":{"allow":["GET"]}}],"collection":[{"href":"https:\/\/guiadepetropolis.com.br\/petropolis\/wp-json\/wp\/v2\/pages"}],"about":[{"href":"https:\/\/guiadepetropolis.com.br\/petropolis\/wp-json\/wp\/v2\/types\/page"}],"author":[{"embeddable":true,"href":"https:\/\/guiadepetropolis.com.br\/petropolis\/wp-json\/wp\/v2\/users\/1"}],"replies":[{"embeddable":true,"href":"https:\/\/guiadepetropolis.com.br\/petropolis\/wp-json\/wp\/v2\/comments?post=309"}],"version-history":[{"count":3,"href":"https:\/\/guiadepetropolis.com.br\/petropolis\/wp-json\/wp\/v2\/pages\/309\/revisions"}],"predecessor-version":[{"id":1046,"href":"https:\/\/guiadepetropolis.com.br\/petropolis\/wp-json\/wp\/v2\/pages\/309\/revisions\/1046"}],"wp:attachment":[{"href":"https:\/\/guiadepetropolis.com.br\/petropolis\/wp-json\/wp\/v2\/media?parent=309"}],"curies":[{"name":"wp","href":"https:\/\/api.w.org\/{rel}","templated":true}]}}

Palácio Amarelo em Petrópolis

<div id="guiad-2259706948" class="guiad-antes-do-conteudo_3 guiad-entity-placement"><script async src="//pagead2.googlesyndication.com/pagead/js/adsbygoogle.js?client=ca-pub-1045376883326522" crossorigin="anonymous"></script><ins class="adsbygoogle" style="display:block;" data-ad-client="ca-pub-1045376883326522" 
data-ad-slot="" 
data-ad-format="autorelaxed"></ins>
<script> 
(adsbygoogle = window.adsbygoogle || []).push({}); 
</script>
</div><br style="clear: both; display: block; float: none;"/><div id="guiad-4044633207" class="guiad-antes-do-conteudo_2 guiad-entity-placement"><script async src="//pagead2.googlesyndication.com/pagead/js/adsbygoogle.js?client=ca-pub-1045376883326522" crossorigin="anonymous"></script><ins class="adsbygoogle" style="display:block;" data-ad-client="ca-pub-1045376883326522" 
data-ad-slot="" 
data-ad-format="autorelaxed"></ins>
<script> 
(adsbygoogle = window.adsbygoogle || []).push({}); 
</script>
</div><br style="clear: both; display: block; float: none;"/><div class="guiad-antes-do-conteudo guiad-entity-placement" id="guiad-146977119"><div id="guiad-2983550269"><script async src="//pagead2.googlesyndication.com/pagead/js/adsbygoogle.js?client=ca-pub-1045376883326522" crossorigin="anonymous"></script><ins class="adsbygoogle" style="display:block;" data-ad-client="ca-pub-1045376883326522" 
data-ad-slot="3035827614" 
data-ad-format="autorelaxed"></ins>
<script> 
(adsbygoogle = window.adsbygoogle || []).push({}); 
</script>
</div></div><p><img loading="lazy" decoding="async" class="aligncenter wp-image-1045 size-full" src="https://guiadepetropolis.com.br/petropolis/wp-content/uploads/2019/08/amarelo.jpg" alt="Palácio Amarelo" width="996" height="720" srcset="https://guiadepetropolis.com.br/petropolis/wp-content/uploads/2019/08/amarelo.jpg 996w, https://guiadepetropolis.com.br/petropolis/wp-content/uploads/2019/08/amarelo-300x217.jpg 300w, https://guiadepetropolis.com.br/petropolis/wp-content/uploads/2019/08/amarelo-768x555.jpg 768w, https://guiadepetropolis.com.br/petropolis/wp-content/uploads/2019/08/amarelo-360x261.jpg 360w" sizes="auto, (max-width: 996px) 100vw, 996px" /></p>
<div class="su-note"  style="border-color:#dfdfdf;border-radius:3px;-moz-border-radius:3px;-webkit-border-radius:3px;"><div class="su-note-inner su-u-clearfix su-u-trim" style="background-color:#f9f9f9;border-color:#ffffff;color:#333333;border-radius:3px;-moz-border-radius:3px;-webkit-border-radius:3px;">
<p><strong>Endereço</strong>: <a href="https://goo.gl/maps/QPk5WmksLSBtxZ9V6" target="_blank" rel="noopener noreferrer">Praça Visconde de Mauá, 89 – Centro</a><br />
<strong>Telefone</strong>: (24) 2291-9200<br />
<strong>Visitação</strong>: diariamente, 10h às 17h<br />
<strong>Ingressos: </strong>entrada franca.<br />
Site: <a href="http://www.cmp.rj.gov.br/" target="_blank" rel="noopener noreferrer">http://www.cmp.rj.gov.br/</a></p>
<p><em>Preços e horários podem sofrer atualizações. Recomendamos confirmar com a atração ou no<a href="http://www.petropolis.rj.gov.br/" target="_blank" rel="noopener noreferrer"> site da Prefeitura de Petrópolis</a>.</em></p>
		<div id="instagram-gallery-feed-11" class="instagram-gallery-feed" data-feed="{&quot;id&quot;:11,&quot;account_id&quot;:&quot;13320088191&quot;,&quot;source&quot;:&quot;tag&quot;,&quot;tag&quot;:&quot;GuiadePetropolis_PalacioAmareloPetropolis&quot;,&quot;order_by&quot;:&quot;top_media&quot;,&quot;layout&quot;:&quot;gallery&quot;,&quot;limit&quot;:12,&quot;columns&quot;:3,&quot;spacing&quot;:10,&quot;lazy&quot;:false,&quot;responsive&quot;:{&quot;desktop&quot;:{&quot;columns&quot;:3,&quot;spacing&quot;:10},&quot;tablet&quot;:{&quot;columns&quot;:2,&quot;spacing&quot;:8},&quot;mobile&quot;:{&quot;columns&quot;:1,&quot;spacing&quot;:6},&quot;breakpoints&quot;:{&quot;tablet&quot;:768,&quot;mobile&quot;:480}},&quot;aspect_ratio&quot;:{&quot;width&quot;:1,&quot;height&quot;:1},&quot;highlight&quot;:{&quot;tag&quot;:&quot;&quot;,&quot;id&quot;:&quot;&quot;,&quot;position&quot;:&quot;&quot;},&quot;reel&quot;:{&quot;hide&quot;:false},&quot;copyright&quot;:{&quot;hide&quot;:false,&quot;placeholder&quot;:&quot;&quot;},&quot;profile&quot;:{&quot;display&quot;:false,&quot;username&quot;:&quot;&quot;,&quot;nickname&quot;:&quot;&quot;,&quot;website&quot;:&quot;&quot;,&quot;biography&quot;:&quot;&quot;,&quot;link_text&quot;:&quot;Follow&quot;,&quot;website_text&quot;:&quot;Website&quot;,&quot;avatar&quot;:&quot;&quot;},&quot;box&quot;:{&quot;display&quot;:false,&quot;padding&quot;:1,&quot;radius&quot;:0,&quot;background&quot;:&quot;#fefefe&quot;,&quot;profile&quot;:false,&quot;desc&quot;:&quot;&quot;,&quot;text_color&quot;:&quot;#000000&quot;},&quot;mask&quot;:{&quot;display&quot;:true,&quot;background&quot;:&quot;&quot;,&quot;icon_color&quot;:&quot;#ffffff&quot;,&quot;likes_count&quot;:true,&quot;comments_count&quot;:true},&quot;card&quot;:{&quot;display&quot;:false,&quot;radius&quot;:1,&quot;font_size&quot;:12,&quot;background&quot;:&quot;#ffffff&quot;,&quot;background_hover&quot;:&quot;&quot;,&quot;text_color&quot;:&quot;#000000&quot;,&quot;padding&quot;:5,&quot;likes_count&quot;:true,&quot;text_length&quot;:10,&quot;comments_count&quot;:true,&quot;text_align&quot;:&quot;left&quot;},&quot;carousel&quot;:{&quot;centered_slides&quot;:false,&quot;autoplay&quot;:true,&quot;autoplay_interval&quot;:3000,&quot;navarrows&quot;:true,&quot;navarrows_color&quot;:&quot;&quot;,&quot;pagination&quot;:true,&quot;pagination_color&quot;:&quot;&quot;},&quot;modal&quot;:{&quot;display&quot;:true,&quot;profile&quot;:false,&quot;media_description&quot;:true,&quot;likes_count&quot;:true,&quot;comments_count&quot;:true,&quot;comments_list&quot;:false,&quot;text_align&quot;:&quot;left&quot;,&quot;modal_align&quot;:&quot;right&quot;,&quot;text_length&quot;:10000,&quot;font_size&quot;:12},&quot;button&quot;:{&quot;display&quot;:true,&quot;text&quot;:&quot;Ver + no Instagram&quot;,&quot;text_color&quot;:&quot;#ffff&quot;,&quot;background&quot;:&quot;&quot;,&quot;background_hover&quot;:&quot;&quot;},&quot;button_load&quot;:{&quot;display&quot;:false,&quot;text&quot;:&quot;Load more...&quot;,&quot;text_color&quot;:&quot;#ffff&quot;,&quot;background&quot;:&quot;&quot;,&quot;background_hover&quot;:&quot;&quot;}}">
		<!-- <FeedContainer/> -->
		</div>
		
</div></div>
<hr />
<p><strong>Informações históricas</strong>: a primeira construção no local onde hoje se ergue o Palácio Amarelo data de 1850. José Carlos Mayrink da Silva Ferrão ergueu o solar, cujo o aspecto lamentavelmente é desconhecido.</p>
<p>Em 14 de fevereiro de 1891, foi vendido a Francisco Paulo de Almeida, o Barão de Guaraciaba.</p>
<p>O Barão começou, então a sofrer uma pressão incomensurável para vender o prédio. A Câmara, para desalojá-lo, autorizou a instalação na praça de um mercado público. Como nada disso deu certo, a Câmara resolveu então em 1894, construir um prédio exatamente na praça. E o Barão se deu por vencido. A escritura foi assinada em 05 de julho.</p>
<p>As obras de adaptação do prédio só terminaram em junho de 1897, muito embora desde 31 de janeiro a Câmara já funcionasse no seu novo endereço. O autor do projeto provavelmente é Harald Bodtker, cuja a personalidade era completamente desconhecida.</p>
<p>A parte mais famosa é a decoração da sala das sessões, considerada como a mais bela do gênero, é chamada de Salão Hermogênio Silva. O seu decorador foi o também escultor Henrique Levy, assim como os tetos do vestíbulo e do Salão Nobre foram pintados por José Huss.</p>
<p>Atualmente funciona como a sede da Câmara Municipal de Petrópolis.</p>
<p>Na parte exterior, em sua praça, o chafariz da águia foi construído em 1899 por Heitor Levy e ajardinada em 1897 por Carlos Júlio Mayer e o projeto alterado em 1944 por Burle Marx. O seu aspecto atual já sofreu algumas adaptações.</p>
<hr />
<p><a href="https://guiadepetropolis.com.br/petropolis/contato/">Mais informações? Clique e fale conosco!</a></p>
<div id="guiad-1083960985" class="guiad-depois-do-conteudo guiad-entity-placement"><a href="http://edirefilho.com.br/transportes/" target="_blank" aria-label="Edir e Filho Mudanças e Fretes - Em Petrópolis e para todo Brasil"><img loading="lazy" decoding="async" src="https://guiadepetropolis.com.br/petropolis/wp-content/uploads/2019/04/2020-1.jpg" alt="Edir e Filho Mudanças e Fretes - Em Petrópolis e para todo Brasil"  srcset="https://guiadepetropolis.com.br/petropolis/wp-content/uploads/2019/04/2020-1.jpg 900w, https://guiadepetropolis.com.br/petropolis/wp-content/uploads/2019/04/2020-1-300x100.jpg 300w, https://guiadepetropolis.com.br/petropolis/wp-content/uploads/2019/04/2020-1-768x256.jpg 768w" sizes="(max-width: 900px) 100vw, 900px" width="900" height="300"   /></a></div>

<p>Informações históricas: a primeira construção no local onde hoje se ergue o Palácio Amarelo data de 1850. José Carlos Mayrink da Silva Ferrão ergueu o solar, cujo o aspecto lamentavelmente é desconhecido. Em 14 de fevereiro de 1891, foi vendido a Francisco Paulo de Almeida, o Barão de Guaraciaba. O Barão começou, então a sofrer uma&#8230;</p>
