{"id":8,"date":"2019-04-25T12:33:29","date_gmt":"2019-04-25T15:33:29","guid":{"rendered":"https:\/\/guiadepetropolis.com.br\/petropolis\/?page_id=8"},"modified":"2022-05-15T13:32:42","modified_gmt":"2022-05-15T16:32:42","slug":"guia-de-negocios","status":"publish","type":"page","link":"https:\/\/guiadepetropolis.com.br\/petropolis\/guia-de-negocios\/","title":{"rendered":"Guia de Neg\u00f3cios"},"content":{"rendered":"<div id=\"guiad-1770023621\" class=\"guiad-antes-do-conteudo_3 guiad-entity-placement\"><script async src=\"\/\/pagead2.googlesyndication.com\/pagead\/js\/adsbygoogle.js?client=ca-pub-1045376883326522\" crossorigin=\"anonymous\"><\/script><ins class=\"adsbygoogle\" style=\"display:block;\" data-ad-client=\"ca-pub-1045376883326522\" \ndata-ad-slot=\"\" \ndata-ad-format=\"autorelaxed\"><\/ins>\n<script> \n(adsbygoogle = window.adsbygoogle || []).push({}); \n<\/script>\n<\/div><br style=\"clear: both; display: block; float: none;\"\/><div id=\"guiad-2141537281\" class=\"guiad-antes-do-conteudo_2 guiad-entity-placement\"><script async src=\"\/\/pagead2.googlesyndication.com\/pagead\/js\/adsbygoogle.js?client=ca-pub-1045376883326522\" crossorigin=\"anonymous\"><\/script><ins class=\"adsbygoogle\" style=\"display:block;\" data-ad-client=\"ca-pub-1045376883326522\" \ndata-ad-slot=\"\" \ndata-ad-format=\"autorelaxed\"><\/ins>\n<script> \n(adsbygoogle = window.adsbygoogle || []).push({}); \n<\/script>\n<\/div><br style=\"clear: both; display: block; float: none;\"\/><div class=\"guiad-antes-do-conteudo guiad-entity-placement\" id=\"guiad-125803161\"><div id=\"guiad-2868906212\"><script async src=\"\/\/pagead2.googlesyndication.com\/pagead\/js\/adsbygoogle.js?client=ca-pub-1045376883326522\" crossorigin=\"anonymous\"><\/script><ins class=\"adsbygoogle\" style=\"display:inline-block;width:0px;height:0px;\" \ndata-ad-client=\"ca-pub-1045376883326522\" \ndata-ad-slot=\"162654302\"><\/ins> \n<script> \n(adsbygoogle = window.adsbygoogle || []).push({}); \n<\/script>\n<\/div><\/div><p>Selecione a categoria de seu interesse para encontrar servi\u00e7os em Petr\u00f3polis:<\/p>\n<hr \/>\n<ul id=\"menu-cadastros\" class=\"menu\"><li id=\"menu-item-387\" class=\"menu-item menu-item-type-post_type menu-item-object-post menu-item-387\"><a href=\"https:\/\/guiadepetropolis.com.br\/petropolis\/advogados\/\">Advogados<\/a><\/li>\n<li id=\"menu-item-388\" class=\"menu-item menu-item-type-post_type menu-item-object-post menu-item-388\"><a href=\"https:\/\/guiadepetropolis.com.br\/petropolis\/alimentos-e-bebidas\/\">Alimentos e Bebidas<\/a><\/li>\n<li id=\"menu-item-389\" class=\"menu-item menu-item-type-post_type menu-item-object-post menu-item-389\"><a href=\"https:\/\/guiadepetropolis.com.br\/petropolis\/beleza-e-estetica\/\">Beleza e Est\u00e9tica<\/a><\/li>\n<li id=\"menu-item-390\" class=\"menu-item menu-item-type-post_type menu-item-object-post menu-item-390\"><a href=\"https:\/\/guiadepetropolis.com.br\/petropolis\/carros-e-motos\/\">Carros e Motos<\/a><\/li>\n<li id=\"menu-item-391\" class=\"menu-item menu-item-type-post_type menu-item-object-post menu-item-391\"><a href=\"https:\/\/guiadepetropolis.com.br\/petropolis\/construcao-e-reforma\/\">Constru\u00e7\u00e3o e Reforma<\/a><\/li>\n<li id=\"menu-item-392\" class=\"menu-item menu-item-type-post_type menu-item-object-post menu-item-392\"><a href=\"https:\/\/guiadepetropolis.com.br\/petropolis\/despachante-e-contador\/\">Despachante e Contador<\/a><\/li>\n<li id=\"menu-item-394\" class=\"menu-item menu-item-type-post_type menu-item-object-post menu-item-394\"><a href=\"https:\/\/guiadepetropolis.com.br\/petropolis\/eletro-eletronico\/\">Eletro-eletr\u00f4nico<\/a><\/li>\n<li id=\"menu-item-395\" class=\"menu-item menu-item-type-post_type menu-item-object-post menu-item-395\"><a href=\"https:\/\/guiadepetropolis.com.br\/petropolis\/escolas-e-cursos\/\">Escolas e Cursos<\/a><\/li>\n<li id=\"menu-item-396\" class=\"menu-item menu-item-type-post_type menu-item-object-post menu-item-396\"><a href=\"https:\/\/guiadepetropolis.com.br\/petropolis\/farmacias-e-drogarias\/\">Farm\u00e1cias e Drogarias<\/a><\/li>\n<li id=\"menu-item-397\" class=\"menu-item menu-item-type-post_type menu-item-object-post menu-item-397\"><a href=\"https:\/\/guiadepetropolis.com.br\/petropolis\/festas-e-eventos\/\">Festas e Eventos<\/a><\/li>\n<li id=\"menu-item-398\" class=\"menu-item menu-item-type-post_type menu-item-object-post menu-item-398\"><a href=\"https:\/\/guiadepetropolis.com.br\/petropolis\/funerarias\/\">Funer\u00e1rias<\/a><\/li>\n<li id=\"menu-item-399\" class=\"menu-item menu-item-type-post_type menu-item-object-post menu-item-399\"><a href=\"https:\/\/guiadepetropolis.com.br\/petropolis\/imoveis\/\">Im\u00f3veis<\/a><\/li>\n<li id=\"menu-item-400\" class=\"menu-item menu-item-type-post_type menu-item-object-post menu-item-400\"><a href=\"https:\/\/guiadepetropolis.com.br\/petropolis\/informatica\/\">Inform\u00e1tica<\/a><\/li>\n<li id=\"menu-item-401\" class=\"menu-item menu-item-type-post_type menu-item-object-post menu-item-401\"><a href=\"https:\/\/guiadepetropolis.com.br\/petropolis\/lazer-e-cultura\/\">Lazer e Cultura<\/a><\/li>\n<li id=\"menu-item-402\" class=\"menu-item menu-item-type-post_type menu-item-object-post menu-item-402\"><a href=\"https:\/\/guiadepetropolis.com.br\/petropolis\/moda-e-confeccao\/\">Moda e Confec\u00e7\u00e3o<\/a><\/li>\n<li id=\"menu-item-403\" class=\"menu-item menu-item-type-post_type menu-item-object-post menu-item-403\"><a href=\"https:\/\/guiadepetropolis.com.br\/petropolis\/moveis-e-decoracao\/\">M\u00f3veis e Decora\u00e7\u00e3o<\/a><\/li>\n<li id=\"menu-item-404\" class=\"menu-item menu-item-type-post_type menu-item-object-post menu-item-404\"><a href=\"https:\/\/guiadepetropolis.com.br\/petropolis\/outros-e-diversos\/\">Outros e Diversos<\/a><\/li>\n<li id=\"menu-item-405\" class=\"menu-item menu-item-type-post_type menu-item-object-post menu-item-405\"><a href=\"https:\/\/guiadepetropolis.com.br\/petropolis\/papelaria-e-embalagem\/\">Papelaria e Embalagem<\/a><\/li>\n<li id=\"menu-item-406\" class=\"menu-item menu-item-type-post_type menu-item-object-post menu-item-406\"><a href=\"https:\/\/guiadepetropolis.com.br\/petropolis\/piscina-e-jardim\/\">Piscina e Jardim<\/a><\/li>\n<li id=\"menu-item-407\" class=\"menu-item menu-item-type-post_type menu-item-object-post menu-item-407\"><a href=\"https:\/\/guiadepetropolis.com.br\/petropolis\/pontos-turisticos\/\">Pontos Tur\u00edsticos<\/a><\/li>\n<li id=\"menu-item-408\" class=\"menu-item menu-item-type-post_type menu-item-object-post menu-item-408\"><a href=\"https:\/\/guiadepetropolis.com.br\/petropolis\/pousadas-em-petropolis\/\">Pousadas em Petr\u00f3polis<\/a><\/li>\n<li id=\"menu-item-409\" class=\"menu-item menu-item-type-post_type menu-item-object-post menu-item-409\"><a href=\"https:\/\/guiadepetropolis.com.br\/petropolis\/pousadas-off-petropolis\/\">Pousadas off Petr\u00f3polis<\/a><\/li>\n<li id=\"menu-item-411\" class=\"menu-item menu-item-type-post_type menu-item-object-post menu-item-411\"><a href=\"https:\/\/guiadepetropolis.com.br\/petropolis\/publicidade-e-marketing\/\">Publicidade e Marketing<\/a><\/li>\n<li id=\"menu-item-412\" class=\"menu-item menu-item-type-post_type menu-item-object-post menu-item-412\"><a href=\"https:\/\/guiadepetropolis.com.br\/petropolis\/restaurantes\/\">Restaurante e Pizzaria<\/a><\/li>\n<li id=\"menu-item-413\" class=\"menu-item menu-item-type-post_type menu-item-object-post menu-item-413\"><a href=\"https:\/\/guiadepetropolis.com.br\/petropolis\/saude-e-bem-estar\/\">Sa\u00fade e Bem Estar<\/a><\/li>\n<li id=\"menu-item-1467\" class=\"menu-item menu-item-type-post_type menu-item-object-post menu-item-1467\"><a href=\"https:\/\/guiadepetropolis.com.br\/petropolis\/outros-e-diversos\/\">Servi\u00e7os Diversos<\/a><\/li>\n<li id=\"menu-item-415\" class=\"menu-item menu-item-type-post_type menu-item-object-post menu-item-415\"><a href=\"https:\/\/guiadepetropolis.com.br\/petropolis\/transporte-e-fretes\/\">Transporte e Fretes<\/a><\/li>\n<li id=\"menu-item-417\" class=\"menu-item menu-item-type-post_type menu-item-object-post menu-item-417\"><a href=\"https:\/\/guiadepetropolis.com.br\/petropolis\/utilidade-publica\/\">Utilidade P\u00fablica<\/a><\/li>\n<li id=\"menu-item-418\" class=\"menu-item menu-item-type-post_type menu-item-object-post menu-item-418\"><a href=\"https:\/\/guiadepetropolis.com.br\/petropolis\/veterinaria-e-pet-shop\/\">Veterin\u00e1ria e Pet Shop<\/a><\/li>\n<\/ul>\n<hr \/>\n<p><a href=\"https:\/\/guiadepetropolis.com.br\/petropolis\/banner-de-destaque\/\"><img loading=\"lazy\" decoding=\"async\" class=\"aligncenter wp-image-1509 size-full\" title=\"Rio Sul Tapetes\" src=\"https:\/\/guiadepetropolis.com.br\/petropolis\/wp-content\/uploads\/2019\/04\/publi.jpg\" alt=\"Guia de Petr\u00f3polis\" width=\"900\" height=\"300\" srcset=\"https:\/\/guiadepetropolis.com.br\/petropolis\/wp-content\/uploads\/2019\/04\/publi.jpg 900w, https:\/\/guiadepetropolis.com.br\/petropolis\/wp-content\/uploads\/2019\/04\/publi-300x100.jpg 300w, https:\/\/guiadepetropolis.com.br\/petropolis\/wp-content\/uploads\/2019\/04\/publi-768x256.jpg 768w\" sizes=\"auto, (max-width: 900px) 100vw, 900px\" \/><\/a><\/p>\n<div id=\"guiad-1719534624\" class=\"guiad-depois-do-conteudo guiad-entity-placement\"><a href=\"http:\/\/edirefilho.com.br\/transportes\/\" target=\"_blank\" aria-label=\"Edir e Filho Mudan\u00e7as e Fretes - Em Petr\u00f3polis e para todo Brasil\"><img loading=\"lazy\" decoding=\"async\" src=\"https:\/\/guiadepetropolis.com.br\/petropolis\/wp-content\/uploads\/2019\/04\/2020-1.jpg\" alt=\"Edir e Filho Mudan\u00e7as e Fretes - Em Petr\u00f3polis e para todo Brasil\"  srcset=\"https:\/\/guiadepetropolis.com.br\/petropolis\/wp-content\/uploads\/2019\/04\/2020-1.jpg 900w, https:\/\/guiadepetropolis.com.br\/petropolis\/wp-content\/uploads\/2019\/04\/2020-1-300x100.jpg 300w, https:\/\/guiadepetropolis.com.br\/petropolis\/wp-content\/uploads\/2019\/04\/2020-1-768x256.jpg 768w\" sizes=\"(max-width: 900px) 100vw, 900px\" width=\"900\" height=\"300\"   \/><\/a><\/div>","protected":false},"excerpt":{"rendered":"<p>Selecione a categoria de seu interesse para encontrar servi\u00e7os em Petr\u00f3polis:<\/p>\n","protected":false},"author":1,"featured_media":0,"parent":0,"menu_order":0,"comment_status":"closed","ping_status":"closed","template":"","meta":{"footnotes":"","_links_to":"","_links_to_target":""},"class_list":["post-8","page","type-page","status-publish","hentry"],"_links":{"self":[{"href":"https:\/\/guiadepetropolis.com.br\/petropolis\/wp-json\/wp\/v2\/pages\/8","targetHints":{"allow":["GET"]}}],"collection":[{"href":"https:\/\/guiadepetropolis.com.br\/petropolis\/wp-json\/wp\/v2\/pages"}],"about":[{"href":"https:\/\/guiadepetropolis.com.br\/petropolis\/wp-json\/wp\/v2\/types\/page"}],"author":[{"embeddable":true,"href":"https:\/\/guiadepetropolis.com.br\/petropolis\/wp-json\/wp\/v2\/users\/1"}],"replies":[{"embeddable":true,"href":"https:\/\/guiadepetropolis.com.br\/petropolis\/wp-json\/wp\/v2\/comments?post=8"}],"version-history":[{"count":19,"href":"https:\/\/guiadepetropolis.com.br\/petropolis\/wp-json\/wp\/v2\/pages\/8\/revisions"}],"predecessor-version":[{"id":147,"href":"https:\/\/guiadepetropolis.com.br\/petropolis\/wp-json\/wp\/v2\/pages\/8\/revisions\/147"}],"wp:attachment":[{"href":"https:\/\/guiadepetropolis.com.br\/petropolis\/wp-json\/wp\/v2\/media?parent=8"}],"curies":[{"name":"wp","href":"https:\/\/api.w.org\/{rel}","templated":true}]}}